000
CDHW42 PHFO 211245
CLIOGG


CLIMATE REPORT
NATIONAL WEATHER SERVICE HONOLULU HI
245 AM HST MON MAY 21 2018


...................................

...THE KAHULUI HI CLIMATE SUMMARY FOR MAY 20 2018...

CLIMATE NORMAL PERIOD 1981 TO 2010
CLIMATE RECORD PERIOD 1946 TO 2018


WEATHER ITEM   OBSERVED TIME   RECORD YEAR NORMAL DEPARTURE LAST
                VALUE   (LST)  VALUE       VALUE  FROM      YEAR
                                                  NORMAL
..................................................................
TEMPERATURE (F)
 YESTERDAY
  MAXIMUM         82   1221 PM  90    1953  85     -3       85
  MINIMUM         70   1154 PM  58    1985  67      3       65
                                      1952
  AVERAGE         76                        76      0       75

PRECIPITATION (IN)
  YESTERDAY        0.01          0.60 1963   0.02  -0.01     0.00
  MONTH TO DATE    1.13                      0.59   0.54     0.02
  SINCE MAR 1      7.79                      4.59   3.20    11.93
  SINCE JAN 1     13.64                      9.35   4.29    14.41

SNOWFALL (IN)
  YESTERDAY        0.0
  MONTH TO DATE    0.0
  SINCE MAR 1      0.0
  SINCE JUL 1      0.0
  SNOW DEPTH      MM

DEGREE DAYS
 HEATING
  YESTERDAY        0                         0      0        0
  MONTH TO DATE    0                         0      0        0
  SINCE MAR 1      0                         0      0        0
  SINCE JUL 1      0                         0      0        0

 COOLING
  YESTERDAY       11                        11      0       10
  MONTH TO DATE  194                       207    -13      233
  SINCE MAR 1    738                       724     14      766
  SINCE JAN 1   1183                      1133     50     1237
..................................................................


WIND (MPH)
  HIGHEST WIND SPEED    25   HIGHEST WIND DIRECTION    NE (50)
  HIGHEST GUST SPEED    32   HIGHEST GUST DIRECTION    NE (40)
  AVERAGE WIND SPEED    15.5


SKY COVER
  POSSIBLE SUNSHINE  MM
  AVERAGE SKY COVER  MM


WEATHER CONDITIONS
 THE FOLLOWING WEATHER WAS RECORDED YESTERDAY.
  FOG


RELATIVE HUMIDITY (PERCENT)
 HIGHEST    MM
 LOWEST     MM
 AVERAGE    MM

..........................................................


THE KAHULUI HI CLIMATE NORMALS FOR TODAY
                         NORMAL    RECORD    YEAR
 MAXIMUM TEMPERATURE (F)   85        93      1953
 MINIMUM TEMPERATURE (F)   68        57      1952


SUNRISE AND SUNSET
MAY 21 2018...........SUNRISE   546 AM HST   SUNSET   659 PM HST
MAY 22 2018...........SUNRISE   546 AM HST   SUNSET   659 PM HST


-  INDICATES NEGATIVE NUMBERS.
R  INDICATES RECORD WAS SET OR TIED.
MM INDICATES DATA IS MISSING.
T  INDICATES TRACE AMOUNT.




$$
