000
CDUS43 KOAX 230623
CLIOMA


CLIMATE REPORT
NATIONAL WEATHER SERVICE OMAHA NEBRASKA
121 AM CDT WED MAY 23 2018


...................................

...THE OMAHA EPPLEY, NEBRASKA CLIMATE SUMMARY FOR MAY 22 2018...

CLIMATE NORMAL PERIOD 1981 TO 2010
CLIMATE RECORD PERIOD 1871 TO 2018


WEATHER ITEM   OBSERVED TIME   RECORD YEAR NORMAL DEPARTURE LAST
                VALUE   (LST)  VALUE       VALUE  FROM      YEAR
                                                  NORMAL
..................................................................
TEMPERATURE (F)
 YESTERDAY
  MAXIMUM         86    443 PM  98    1925  76     10       75
  MINIMUM         61    524 AM  34    1963  53      8       49
  AVERAGE         74                        64     10       62

PRECIPITATION (IN)
  YESTERDAY        0.71          3.05 2004   0.16   0.55      T
  MONTH TO DATE    1.88                      3.33  -1.45     4.30
  SINCE MAR 1      4.97                      8.28  -3.31     9.11
  SINCE JAN 1      6.71                      9.85  -3.14    11.01

SNOWFALL (IN)
  YESTERDAY        0.0                       0.0    0.0      0.0
  MONTH TO DATE    0.0                       0.1   -0.1       T
  SINCE JUL 1     17.0                      26.5   -9.5     11.4
  SNOW DEPTH       0

DEGREE DAYS
 HEATING
  YESTERDAY        0                         3     -3        3
  MONTH TO DATE   33                       125    -92      107
  SINCE MAR 1   1393                      1329     64     1088
  SINCE JUL 1   6040                      6127    -87     4915

 COOLING
  YESTERDAY        9                         3      6        0
  MONTH TO DATE   69                        35     34       69
  SINCE MAR 1     78                        51     27       77
  SINCE JAN 1     78                        51     27       77
..................................................................


WIND (MPH)
  HIGHEST WIND SPEED    23   HIGHEST WIND DIRECTION     S (170)
  HIGHEST GUST SPEED    29   HIGHEST GUST DIRECTION     S (160)
  AVERAGE WIND SPEED    11.0


SKY COVER
  POSSIBLE SUNSHINE  MM
  AVERAGE SKY COVER 0.8


WEATHER CONDITIONS
 THE FOLLOWING WEATHER WAS RECORDED YESTERDAY.
  THUNDERSTORM
  HEAVY RAIN
  RAIN
  LIGHT RAIN
  FOG


RELATIVE HUMIDITY (PERCENT)
 HIGHEST    90           500 AM
 LOWEST     48           500 PM
 AVERAGE    69

..........................................................


THE OMAHA EPPLEY, NEBRASKA CLIMATE NORMALS FOR TODAY
                         NORMAL    RECORD    YEAR
 MAXIMUM TEMPERATURE (F)   76        93      2012
                                             1939
 MINIMUM TEMPERATURE (F)   53        38      1963


SUNRISE AND SUNSET
MAY 23 2018...........SUNRISE   558 AM CDT   SUNSET   843 PM CDT
MAY 24 2018...........SUNRISE   557 AM CDT   SUNSET   844 PM CDT


-  INDICATES NEGATIVE NUMBERS.
R  INDICATES RECORD WAS SET OR TIED.
MM INDICATES DATA IS MISSING.
T  INDICATES TRACE AMOUNT.


$$

BCM
