903
CDUS46 KOTX 250825
CLIOMK


CLIMATE REPORT
NATIONAL WEATHER SERVICE SPOKANE, WA
124 AM PDT WED APR 25 2018


...................................

...THE OMAK WA AIRPORT CLIMATE SUMMARY FOR APRIL 24 2018...

CLIMATE NORMAL PERIOD 1981 TO 2010
CLIMATE RECORD PERIOD 9999 TO 9999


WEATHER ITEM   OBSERVED TIME   RECORD YEAR NORMAL DEPARTURE LAST
                VALUE   (LST)  VALUE       VALUE  FROM      YEAR
                                                  NORMAL
..................................................................
TEMPERATURE (F)
 YESTERDAY
  MAXIMUM         71    448 PM  89    1977  66      5       60
  MINIMUM         35    530 AM  19    2002  38     -3       43
  AVERAGE         53                        52      1       52

PRECIPITATION (IN)
  YESTERDAY        0.00                      0.03  -0.03      T
  MONTH TO DATE    2.01                      0.82   1.19     2.64
  SINCE OCT 1     11.76                     10.20   1.56    15.06
  SINCE JAN 1      8.38                      5.31   3.07     8.58

SNOWFALL (IN)
  YESTERDAY       MM

DEGREE DAYS
 HEATING
  YESTERDAY       12                        13     -1       13
  MONTH TO DATE  414                       375     39      409
  SINCE MAR 1   1156                      1104     52     1176
  SINCE JUL 1   5877                      5965    -88     6111

 COOLING
  YESTERDAY        0                         0      0        0
  MONTH TO DATE    0                         0      0        0
  SINCE MAR 1      0                         0      0        0
  SINCE JAN 1      0                         0      0        0
..................................................................


WIND (MPH)
  HIGHEST WIND SPEED    12   HIGHEST WIND DIRECTION    SW (210)
  HIGHEST GUST SPEED    14   HIGHEST GUST DIRECTION     S (170)
  AVERAGE WIND SPEED     4.3


SKY COVER
  POSSIBLE SUNSHINE  MM
  AVERAGE SKY COVER 0.0


WEATHER CONDITIONS
 THE FOLLOWING WEATHER WAS RECORDED YESTERDAY.
  NO SIGNIFICANT WEATHER WAS OBSERVED.


RELATIVE HUMIDITY (PERCENT)
 HIGHEST    82           400 AM
 LOWEST     22           300 PM
 AVERAGE    52

..........................................................


THE OMAK WA AIRPORT CLIMATE NORMALS FOR TODAY
                         NORMAL    RECORD    YEAR
 MAXIMUM TEMPERATURE (F)   66        83      1977
 MINIMUM TEMPERATURE (F)   38        25      2010
                                             1976


SUNRISE AND SUNSET
APRIL 25 2018.........SUNRISE   549 AM PDT   SUNSET   804 PM PDT
APRIL 26 2018.........SUNRISE   547 AM PDT   SUNSET   805 PM PDT


-  INDICATES NEGATIVE NUMBERS.
R  INDICATES RECORD WAS SET OR TIED.
MM INDICATES DATA IS MISSING.
T  INDICATES TRACE AMOUNT.




$$
