000
CDUS46 KMFR 260836
CLIOTH


CLIMATE REPORT
NATIONAL WEATHER SERVICE MEDFORD, OR
135 AM PDT THU APR 26 2018


...................................

...THE NORTH BEND OR CLIMATE SUMMARY FOR APRIL 25 2018...

CLIMATE NORMAL PERIOD 1981 TO 2010
CLIMATE RECORD PERIOD 1902 TO 2018


WEATHER ITEM   OBSERVED TIME   RECORD YEAR NORMAL DEPARTURE LAST
                VALUE   (LST)  VALUE       VALUE  FROM      YEAR
                                                  NORMAL
..................................................................
TEMPERATURE (F)
 YESTERDAY
  MAXIMUM         55        MM  81    1924  56     -1       57
  MINIMUM         48        MM  31    1918  44      4       48
  AVERAGE         52                        50      2       53

PRECIPITATION (IN)
  YESTERDAY        0.00          0.64 2012   0.14  -0.14     0.15
  MONTH TO DATE    5.56                      4.51   1.05     5.53
  SINCE OCT 1     44.16                     56.21 -12.05    73.47
  SINCE JAN 1     25.26                     30.12  -4.86    39.32

SNOWFALL (IN)
  YESTERDAY       MM
  SNOW DEPTH      MM

DEGREE DAYS
 HEATING
  YESTERDAY       13                        15     -2       12
  MONTH TO DATE  369                       403    -34      331
  SINCE MAR 1    919                       941    -22      762
  SINCE JUL 1   3605                      4115   -510     3538

 COOLING
  YESTERDAY        0                         0      0        0
  MONTH TO DATE    0                         0      0        0
  SINCE MAR 1      0                         0      0        0
  SINCE JAN 1      0                         0      0        0
..................................................................


WIND (MPH)
  HIGHEST WIND SPEED    10   HIGHEST WIND DIRECTION     W (280)
  HIGHEST GUST SPEED    MM   HIGHEST GUST DIRECTION    MM
  AVERAGE WIND SPEED     5.2


SKY COVER
  POSSIBLE SUNSHINE  MM
  AVERAGE SKY COVER 1.0


WEATHER CONDITIONS
 THE FOLLOWING WEATHER WAS RECORDED YESTERDAY.
  FOG


RELATIVE HUMIDITY (PERCENT)
 HIGHEST   100          1200 AM
 LOWEST     83           400 PM

..........................................................


THE NORTH BEND OR CLIMATE NORMALS FOR TODAY
                         NORMAL    RECORD    YEAR
 MAXIMUM TEMPERATURE (F)   57        74      1918
 MINIMUM TEMPERATURE (F)   44        33      1976


SUNRISE AND SUNSET
APRIL 26 2018.........SUNRISE   617 AM PDT   SUNSET   813 PM PDT
APRIL 27 2018.........SUNRISE   616 AM PDT   SUNSET   814 PM PDT


-  INDICATES NEGATIVE NUMBERS.
R  INDICATES RECORD WAS SET OR TIED.
MM INDICATES DATA IS MISSING.
T  INDICATES TRACE AMOUNT.




$$
