583
CDUS43 KDDC 222326
CLIP28


CLIMATE REPORT
NATIONAL WEATHER SERVICE DODGE CITY KS
625 PM CDT SUN APR 22 2018


...................................

...THE MEDICINE LODGE KS CLIMATE SUMMARY FOR APRIL 22 2018...
VALID TODAY AS OF 0500 PM LOCAL TIME.

CLIMATE NORMAL PERIOD 1981 TO 2010
CLIMATE RECORD PERIOD 1893 TO 2018


WEATHER ITEM   OBSERVED TIME   RECORD YEAR NORMAL DEPARTURE LAST
                VALUE   (LST)  VALUE       VALUE  FROM      YEAR
                                                  NORMAL
..................................................................
TEMPERATURE (F)
 TODAY
  MAXIMUM         67    330 PM  96    1950  71     -4       61
  MINIMUM         42    152 AM  29    1982  46     -4       40
  AVERAGE         55                        58     -3       51

PRECIPITATION (IN)
  TODAY            0.00          1.53 1944   0.09  -0.09     0.00
  MONTH TO DATE    0.91                      1.64  -0.73     2.32
  SINCE MAR 1      1.93                      3.90  -1.97     4.55
  SINCE JAN 1      2.31                      5.65  -3.34     8.47

DEGREE DAYS
 HEATING
  TODAY           10                         8      2       14
  MONTH TO DATE  387                       239    148      154
  SINCE MAR 1    878                       807     71      598
  SINCE JUL 1   4257                      4336    -79     3599

 COOLING
  TODAY            0                         1     -1        0
  MONTH TO DATE   17                        14      3       28
  SINCE MAR 1     17                        16      1       40
  SINCE JAN 1     17                        16      1       40
..................................................................


WIND (MPH)
  HIGHEST WIND SPEED    26   HIGHEST WIND DIRECTION     N (360)
  HIGHEST GUST SPEED    37   HIGHEST GUST DIRECTION     N (350)
  AVERAGE WIND SPEED    15.2




RELATIVE HUMIDITY (PERCENT)
 HIGHEST    96          1200 AM
 LOWEST     40           200 PM
 AVERAGE    68

..........................................................


THE MEDICINE LODGE KS CLIMATE NORMALS FOR TOMORROW
                         NORMAL    RECORD    YEAR
 MAXIMUM TEMPERATURE (F)   71        99      1989
 MINIMUM TEMPERATURE (F)   46        27      1982


SUNRISE AND SUNSET
APRIL 22 2018.........SUNRISE   650 AM CDT   SUNSET   816 PM CDT
APRIL 23 2018.........SUNRISE   649 AM CDT   SUNSET   817 PM CDT


-  INDICATES NEGATIVE NUMBERS.
R  INDICATES RECORD WAS SET OR TIED.
MM INDICATES DATA IS MISSING.
T  INDICATES TRACE AMOUNT.




$$
