497
CDUS43 KILX 260636
CLIPIA


CLIMATE REPORT
NATIONAL WEATHER SERVICE LINCOLN IL
135 AM CDT THU APR 26 2018


...................................

...THE PEORIA IL CLIMATE SUMMARY FOR APRIL 25 2018...

CLIMATE NORMAL PERIOD 1981 TO 2010
CLIMATE RECORD PERIOD 1883 TO 2018


WEATHER ITEM   OBSERVED TIME   RECORD YEAR NORMAL DEPARTURE LAST
                VALUE   (LST)  VALUE       VALUE  FROM      YEAR
                                                  NORMAL
..................................................................
TEMPERATURE (F)
 YESTERDAY
  MAXIMUM         64    349 PM  92    1986  67     -3       80
  MINIMUM         44   1159 PM  28    1934  45     -1       53
                                      1919
  AVERAGE         54                        56     -2       67

PRECIPITATION (IN)
  YESTERDAY        0.00          1.44 1979   0.13  -0.13     0.00
  MONTH TO DATE    1.73                      2.98  -1.25     3.25
  SINCE MAR 1      5.45                      5.78  -0.33     7.28
  SINCE JAN 1     11.87                      9.35   2.52     9.94

SNOWFALL (IN)
  YESTERDAY        0.0           T    1937   0.0    0.0      0.0
                                      1907
  MONTH TO DATE    2.5                       0.6    1.9      0.0
  SINCE MAR 1     11.8                       3.3    8.5      4.2
  SINCE JUL 1     32.1                      24.6    7.5     13.9
  SNOW DEPTH       0

DEGREE DAYS
 HEATING
  YESTERDAY       11                        10      1        0
  MONTH TO DATE  537                       350    187      192
  SINCE MAR 1   1348                      1106    242      884
  SINCE JUL 1   5708                      5622     86     4491

 COOLING
  YESTERDAY        0                         1     -1        2
  MONTH TO DATE    2                         8     -6       18
  SINCE MAR 1      2                         9     -7       18
  SINCE JAN 1      2                         9     -7       18
..................................................................


WIND (MPH)
  HIGHEST WIND SPEED    21   HIGHEST WIND DIRECTION    NE (50)
  HIGHEST GUST SPEED    29   HIGHEST GUST DIRECTION    NE (50)
  AVERAGE WIND SPEED     7.9


SKY COVER
  POSSIBLE SUNSHINE  MM
  AVERAGE SKY COVER 0.0


WEATHER CONDITIONS
 THE FOLLOWING WEATHER WAS RECORDED YESTERDAY.
  NO SIGNIFICANT WEATHER WAS OBSERVED.


RELATIVE HUMIDITY (PERCENT)
 HIGHEST    83           300 AM
 LOWEST     30           600 PM
 AVERAGE    57

..........................................................


THE PEORIA IL CLIMATE NORMALS FOR TODAY
                         NORMAL    RECORD    YEAR
 MAXIMUM TEMPERATURE (F)   67        90      1986
 MINIMUM TEMPERATURE (F)   45        29      1919


SUNRISE AND SUNSET
APRIL 26 2018.........SUNRISE   604 AM CDT   SUNSET   750 PM CDT
APRIL 27 2018.........SUNRISE   603 AM CDT   SUNSET   751 PM CDT


-  INDICATES NEGATIVE NUMBERS.
R  INDICATES RECORD WAS SET OR TIED.
MM INDICATES DATA IS MISSING.
T  INDICATES TRACE AMOUNT.




$$
