000
CDUS41 KRLX 192128
CLIPKB


CLIMATE REPORT
NATIONAL WEATHER SERVICE CHARLESTON WV
526 PM EDT THU APR 19 2018


...................................

...THE PARKERSBURG WV CLIMATE SUMMARY FOR APRIL 19 2018...
VALID TODAY AS OF 0500 PM LOCAL TIME.

CLIMATE NORMAL PERIOD 1981 TO 2010
CLIMATE RECORD PERIOD 1889 TO 2018


WEATHER ITEM   OBSERVED TIME   RECORD YEAR NORMAL DEPARTURE LAST
                VALUE   (LST)  VALUE       VALUE  FROM      YEAR
                                                  NORMAL
..................................................................
TEMPERATURE (F)
 TODAY
  MAXIMUM         50    359 PM  89    1941  68    -18       74
  MINIMUM         38   1016 AM  25    1983  43     -5       62
  AVERAGE         44                        55    -11       68

PRECIPITATION (IN)
  TODAY            0.03          1.59 1940   0.11  -0.08      T
  MONTH TO DATE    3.94                      2.04   1.90     2.68
  SINCE MAR 1      7.22                      5.77   1.45     7.23
  SINCE JAN 1     17.73                     11.42   6.31    15.78

DEGREE DAYS
 HEATING
  TODAY           21                        10     11        0
  MONTH TO DATE  351                       248    103      149
  SINCE MAR 1   1129                       919    210      785
  SINCE JUL 1   4784                      4709     75     3816

 COOLING
  TODAY            0                         1     -1        3
  MONTH TO DATE   20                         9     11       10
  SINCE MAR 1     20                        12      8       12
  SINCE JAN 1     26                        12     14       16
..................................................................


WIND (MPH)
  HIGHEST WIND SPEED    28   HIGHEST WIND DIRECTION     W (280)
  HIGHEST GUST SPEED    39   HIGHEST GUST DIRECTION     W (290)
  AVERAGE WIND SPEED    11.4


SKY COVER
  POSSIBLE SUNSHINE  MM
  AVERAGE SKY COVER 1.0


WEATHER CONDITIONS
 THE FOLLOWING WEATHER WAS RECORDED TODAY.
  LIGHT RAIN
  FOG
  HAZE


RELATIVE HUMIDITY (PERCENT)
 HIGHEST   100          1200 AM
 LOWEST     50           400 PM
 AVERAGE    75

..........................................................


THE PARKERSBURG WV CLIMATE NORMALS FOR TOMORROW
                         NORMAL    RECORD    YEAR
 MAXIMUM TEMPERATURE (F)   68        91      1976
 MINIMUM TEMPERATURE (F)   43        25      1926


SUNRISE AND SUNSET
APRIL 19 2018.........SUNRISE   643 AM EDT   SUNSET   807 PM EDT
APRIL 20 2018.........SUNRISE   642 AM EDT   SUNSET   808 PM EDT


-  INDICATES NEGATIVE NUMBERS.
R  INDICATES RECORD WAS SET OR TIED.
MM INDICATES DATA IS MISSING.
T  INDICATES TRACE AMOUNT.




$$
