000
CDUS46 KLOX 220940
CLIPMD


CLIMATE REPORT
NATIONAL WEATHER SERVICE LOS ANGELES/OXNARD CA
240 AM PDT SUN APR 22 2018


...................................

...THE PALMDALE AIRPORT CA CLIMATE SUMMARY FOR APRIL 21 2018...

CLIMATE NORMAL PERIOD 1981 TO 2010
CLIMATE RECORD PERIOD 1931 TO 2018


WEATHER ITEM   OBSERVED TIME   RECORD YEAR NORMAL DEPARTURE LAST
                VALUE   (LST)  VALUE       VALUE  FROM      YEAR
                                                  NORMAL
..................................................................
TEMPERATURE (F)
 YESTERDAY
  MAXIMUM         85    420 PM  95    2012  74     11       84
  MINIMUM         44    530 AM  32    1984  45     -1       45
  AVERAGE         65                        59      6       65

PRECIPITATION (IN)
  YESTERDAY        0.00          0.26 2010   0.01  -0.01     0.00
  MONTH TO DATE    0.01                      0.35  -0.34      T
  SINCE OCT 1      2.57                      7.31  -4.74     5.91
  SINCE JAN 1      2.57                      4.86  -2.29     4.12

SNOWFALL (IN)
  YESTERDAY        0.0           T    1970  MM               0.0
  MONTH TO DATE    0.0                      MM               0.0
  SINCE MAR 1      0.0                      MM               0.0
  SINCE JUL 1      0.0                      MM               0.0
  SNOW DEPTH       0

DEGREE DAYS
 HEATING
  YESTERDAY        0                         6     -6        0
  MONTH TO DATE   85                       182    -97       92
  SINCE MAR 1    437                       558   -121      335
  SINCE JUL 1   2118                      2803   -685     2244

 COOLING
  YESTERDAY        0                         1     -1        0
  MONTH TO DATE   16                         6     10        2
  SINCE MAR 1     18                         8     10        9
  SINCE JAN 1     18                         8     10        9
..................................................................


WIND (MPH)
  HIGHEST WIND SPEED    20   HIGHEST WIND DIRECTION    SW (230)
  HIGHEST GUST SPEED    24   HIGHEST GUST DIRECTION    SW (230)
  AVERAGE WIND SPEED     4.9


SKY COVER
  POSSIBLE SUNSHINE  MM
  AVERAGE SKY COVER 0.0


WEATHER CONDITIONS
 THE FOLLOWING WEATHER WAS RECORDED YESTERDAY.
  NO SIGNIFICANT WEATHER WAS OBSERVED.


RELATIVE HUMIDITY (PERCENT)
 HIGHEST    54           300 AM
 LOWEST     10           200 PM
 AVERAGE    32

..........................................................


THE PALMDALE AIRPORT CA CLIMATE NORMALS FOR TODAY
                         NORMAL    RECORD    YEAR
 MAXIMUM TEMPERATURE (F)   74        96      1949
 MINIMUM TEMPERATURE (F)   45        28      1963


SUNRISE AND SUNSET
APRIL 22 2018.........SUNRISE   612 AM PDT   SUNSET   730 PM PDT
APRIL 23 2018.........SUNRISE   611 AM PDT   SUNSET   731 PM PDT


-  INDICATES NEGATIVE NUMBERS.
R  INDICATES RECORD WAS SET OR TIED.
MM INDICATES DATA IS MISSING.
T  INDICATES TRACE AMOUNT.




$$
