000
CDUS44 KMOB 200645
CLIPNS


CLIMATE REPORT
NATIONAL WEATHER SERVICE MOBILE AL
145 AM CDT FRI APR 20 2018


...................................

...THE PENSACOLA CLIMATE SUMMARY FOR APRIL 19 2018...

CLIMATE NORMAL PERIOD 1981 TO 2010
CLIMATE RECORD PERIOD 1879 TO 2018


WEATHER ITEM   OBSERVED TIME   RECORD YEAR NORMAL DEPARTURE LAST
                VALUE   (LST)  VALUE       VALUE  FROM      YEAR
                                                  NORMAL
..................................................................
TEMPERATURE (F)
 YESTERDAY
  MAXIMUM         83    229 PM  87    1976  76      7       83
                                      1908
  MINIMUM         58   1159 PM  41    1983  58      0       64
  AVERAGE         71                        67      4       74

PRECIPITATION (IN)
  YESTERDAY        0.00          3.46 1907   0.14  -0.14     0.00
  MONTH TO DATE    3.31                      2.87   0.44     2.99
  SINCE MAR 1      5.33                      8.68  -3.35     5.35
  SINCE JAN 1     18.63                     18.37   0.26    20.70

DEGREE DAYS
 HEATING
  YESTERDAY        0                         1     -1        0
  MONTH TO DATE   44                        43      1        8
  SINCE MAR 1    168                       219    -51      100
  SINCE JUL 1   1191                      1527   -336      633

 COOLING
  YESTERDAY        6                         4      2        9
  MONTH TO DATE   52                        49      3      108
  SINCE MAR 1    116                        82     34      236
  SINCE JAN 1    214                        96    118      346
..................................................................


WIND (MPH)
  HIGHEST WIND SPEED    17   HIGHEST WIND DIRECTION     N (350)
  HIGHEST GUST SPEED    24   HIGHEST GUST DIRECTION     N (10)
  AVERAGE WIND SPEED    10.2


SKY COVER
  POSSIBLE SUNSHINE  MM
  AVERAGE SKY COVER 0.1


WEATHER CONDITIONS
 THE FOLLOWING WEATHER WAS RECORDED YESTERDAY.
  NO SIGNIFICANT WEATHER WAS OBSERVED.


RELATIVE HUMIDITY (PERCENT)
 HIGHEST    93           600 AM
 LOWEST     30           500 PM
 AVERAGE    62

..........................................................


THE PENSACOLA CLIMATE NORMALS FOR TODAY
                         NORMAL    RECORD    YEAR
 MAXIMUM TEMPERATURE (F)   77        86      1987
 MINIMUM TEMPERATURE (F)   59        43      1953


SUNRISE AND SUNSET
APRIL 20 2018.........SUNRISE   616 AM CDT   SUNSET   720 PM CDT
APRIL 21 2018.........SUNRISE   615 AM CDT   SUNSET   720 PM CDT


-  INDICATES NEGATIVE NUMBERS.
R  INDICATES RECORD WAS SET OR TIED.
MM INDICATES DATA IS MISSING.
T  INDICATES TRACE AMOUNT.




$$
