000
CDUS46 KLOX 240916
CLIPRB


CLIMATE REPORT
NATIONAL WEATHER SERVICE LOS ANGELES/OXNARD CA
216 AM PDT THU MAY 24 2018


...................................

...THE PASO ROBLES AIRPORT CA CLIMATE SUMMARY FOR MAY 23 2018...

CLIMATE NORMAL PERIOD 1981 TO 2010
CLIMATE RECORD PERIOD 1948 TO 2018


WEATHER ITEM   OBSERVED TIME   RECORD YEAR NORMAL DEPARTURE LAST
                VALUE   (LST)  VALUE       VALUE  FROM      YEAR
                                                  NORMAL
..................................................................
TEMPERATURE (F)
 YESTERDAY
  MAXIMUM         71    247 PM 103    2000  82    -11       94
  MINIMUM         50    554 AM  36    1960  47      3       51
  AVERAGE         61                        65     -4       73

PRECIPITATION (IN)
  YESTERDAY        0.00          0.03 1990   0.01  -0.01     0.00
  MONTH TO DATE    0.00                      0.23  -0.23     0.18
  SINCE OCT 1      9.62                     12.40  -2.78    16.14
  SINCE JAN 1      9.35                      8.74   0.61    12.46

SNOWFALL (IN)
  YESTERDAY        0.0
  MONTH TO DATE    0.0
  SINCE MAR 1      0.0
  SINCE JUL 1      0.0

DEGREE DAYS
 HEATING
  YESTERDAY        4                         3      1        0
  MONTH TO DATE   78                        91    -13       61
  SINCE MAR 1    615                       710    -95      512
  SINCE JUL 1   2316                      2803   -487     2313

 COOLING
  YESTERDAY        0                         2     -2        8
  MONTH TO DATE   25                        36    -11       69
  SINCE MAR 1     29                        45    -16       70
  SINCE JAN 1     29                        45    -16       70
..................................................................


WIND (MPH)
  HIGHEST WIND SPEED    22   HIGHEST WIND DIRECTION    SW (210)
  HIGHEST GUST SPEED    27   HIGHEST GUST DIRECTION    SW (210)
  AVERAGE WIND SPEED     9.7


SKY COVER
  POSSIBLE SUNSHINE  MM
  AVERAGE SKY COVER 0.4


WEATHER CONDITIONS
 THE FOLLOWING WEATHER WAS RECORDED YESTERDAY.
  NO SIGNIFICANT WEATHER WAS OBSERVED.


RELATIVE HUMIDITY (PERCENT)
 HIGHEST    89          1200 AM
 LOWEST     47           100 PM
 AVERAGE    68

..........................................................


THE PASO ROBLES AIRPORT CA CLIMATE NORMALS FOR TODAY
                         NORMAL    RECORD    YEAR
 MAXIMUM TEMPERATURE (F)   83        99      2001
 MINIMUM TEMPERATURE (F)   47        35      1980


SUNRISE AND SUNSET
MAY 24 2018...........SUNRISE   551 AM PDT   SUNSET   808 PM PDT
MAY 25 2018...........SUNRISE   551 AM PDT   SUNSET   808 PM PDT


-  INDICATES NEGATIVE NUMBERS.
R  INDICATES RECORD WAS SET OR TIED.
MM INDICATES DATA IS MISSING.
T  INDICATES TRACE AMOUNT.




$$
