000
CDUS45 KPUB 201055
CLIPUB


CLIMATE REPORT
NATIONAL WEATHER SERVICE PUEBLO
455 AM MDT SUN MAY 20 2018


...................................

...THE PUEBLO CO CLIMATE SUMMARY FOR MAY 19 2018...

CLIMATE NORMAL PERIOD 1981 TO 2010
CLIMATE RECORD PERIOD 1888 TO 2018


WEATHER ITEM   OBSERVED TIME   RECORD YEAR NORMAL DEPARTURE LAST
                VALUE   (LST)  VALUE       VALUE  FROM      YEAR
                                                  NORMAL
..................................................................
TEMPERATURE (F)
 YESTERDAY
  MAXIMUM         69    114 PM  98    1974  78     -9       52
  MINIMUM         50   1159 PM  32    1971  45      5       40
                                      1915
  AVERAGE         60                        61     -1       46

PRECIPITATION (IN)
  YESTERDAY        0.02          1.65 2015   0.05  -0.03     0.01
  MONTH TO DATE    0.45                      0.93  -0.48     2.66
  SINCE MAR 1      1.00                      3.26  -2.26     7.80
  SINCE JAN 1      1.81                      3.91  -2.10     8.72

SNOWFALL (IN)
  YESTERDAY        0.0           T    1915   0.0    0.0      0.0
  MONTH TO DATE    T                         0.5   -0.5       T
  SINCE MAR 1      T                        10.0  -10.0     14.0
  SINCE JUL 1     13.7                      31.8  -18.1     28.2
  SNOW DEPTH       0

DEGREE DAYS
 HEATING
  YESTERDAY        5                         5      0       19
  MONTH TO DATE   39                       133    -94      140
  SINCE MAR 1   1050                      1270   -220      984
  SINCE JUL 1   4866                      5573   -707     4484

 COOLING
  YESTERDAY        0                         1     -1        0
  MONTH TO DATE   55                        10     45        4
  SINCE MAR 1     61                        12     49        4
  SINCE JAN 1     61                        12     49        4
..................................................................


WIND (MPH)
  HIGHEST WIND SPEED    33   HIGHEST WIND DIRECTION    NE (30)
  HIGHEST GUST SPEED    41   HIGHEST GUST DIRECTION    NE (30)
  AVERAGE WIND SPEED    11.1


SKY COVER
  POSSIBLE SUNSHINE  MM
  AVERAGE SKY COVER 0.9


WEATHER CONDITIONS
 THE FOLLOWING WEATHER WAS RECORDED YESTERDAY.
  LIGHT RAIN


RELATIVE HUMIDITY (PERCENT)
 HIGHEST    83           600 PM
 LOWEST     40           100 PM
 AVERAGE    62

..........................................................


THE PUEBLO CO CLIMATE NORMALS FOR TODAY
                         NORMAL    RECORD    YEAR
 MAXIMUM TEMPERATURE (F)   78        94      2005
                                             1970
                                             1954
 MINIMUM TEMPERATURE (F)   46        33      2011
                                             1960
                                             1931


SUNRISE AND SUNSET
MAY 20 2018...........SUNRISE   543 AM MDT   SUNSET   807 PM MDT
MAY 21 2018...........SUNRISE   542 AM MDT   SUNSET   807 PM MDT


-  INDICATES NEGATIVE NUMBERS.
R  INDICATES RECORD WAS SET OR TIED.
MM INDICATES DATA IS MISSING.
T  INDICATES TRACE AMOUNT.




$$
