019
CDUS46 KOTX 210833
CLIPUW


CLIMATE REPORT
NATIONAL WEATHER SERVICE SPOKANE, WA
131 AM PDT SAT APR 21 2018


...................................

...THE PULLMAN-MOSCOW  AIRPORT CLIMATE SUMMARY FOR APRIL 20 2018...

CLIMATE NORMAL PERIOD 1981 TO 2010
CLIMATE RECORD PERIOD 9999 TO 9999


WEATHER ITEM   OBSERVED TIME   RECORD YEAR NORMAL DEPARTURE LAST
                VALUE   (LST)  VALUE       VALUE  FROM      YEAR
                                                  NORMAL
..................................................................
TEMPERATURE (F)
 YESTERDAY
  MAXIMUM         61    329 PM  83    1934  58      3       52
  MINIMUM         32    500 AM  20    1927  36     -4       42
  AVERAGE         47                        47      0       47

PRECIPITATION (IN)
  YESTERDAY        0.00                      0.04  -0.04     0.09
  MONTH TO DATE    2.27                      1.07   1.20     1.12
  SINCE OCT 1     16.98                     11.66   5.32    19.46
  SINCE JAN 1      8.12                      6.46   1.66    11.05

DEGREE DAYS
 HEATING
  YESTERDAY       18                        18      0       18
  MONTH TO DATE  410                       401      9      385
  SINCE MAR 1   1167                      1157     10     1090
  SINCE JUL 1   5551                      5860   -309     5867

 COOLING
  YESTERDAY        0                         0      0        0
  MONTH TO DATE    0                         0      0        0
  SINCE MAR 1      0                         0      0        0
  SINCE JAN 1      0                         0      0        0
..................................................................


WIND (MPH)
  HIGHEST WIND SPEED    13   HIGHEST WIND DIRECTION     W (290)
  HIGHEST GUST SPEED    14   HIGHEST GUST DIRECTION     W (290)
  AVERAGE WIND SPEED     2.2


SKY COVER
  POSSIBLE SUNSHINE  MM
  AVERAGE SKY COVER 0.1


WEATHER CONDITIONS
 THE FOLLOWING WEATHER WAS RECORDED YESTERDAY.
  NO SIGNIFICANT WEATHER WAS OBSERVED.


RELATIVE HUMIDITY (PERCENT)
 HIGHEST    89           100 AM
 LOWEST     39           200 PM
 AVERAGE    64

..........................................................


THE PULLMAN-MOSCOW  AIRPORT CLIMATE NORMALS FOR TODAY
                         NORMAL    RECORD    YEAR
 MAXIMUM TEMPERATURE (F)   58        86      1906
 MINIMUM TEMPERATURE (F)   36        18      1909


SUNRISE AND SUNSET
APRIL 21 2018.........SUNRISE   550 AM PDT   SUNSET   745 PM PDT
APRIL 22 2018.........SUNRISE   548 AM PDT   SUNSET   746 PM PDT


-  INDICATES NEGATIVE NUMBERS.
R  INDICATES RECORD WAS SET OR TIED.
MM INDICATES DATA IS MISSING.
T  INDICATES TRACE AMOUNT.




$$
