000
CDUS43 KLOT 240633
CLIPWK


CLIMATE REPORT
NATIONAL WEATHER SERVICE CHICAGO IL
132 AM CDT TUE APR 24 2018


...................................

...THE CHICAGO EXECUTIVE CLIMATE SUMMARY FOR APRIL 23 2018...

CLIMATE NORMAL PERIOD 1981 TO 2010
CLIMATE RECORD PERIOD 1996 TO 2018


WEATHER ITEM   OBSERVED TIME   RECORD YEAR NORMAL DEPARTURE LAST
                VALUE   (LST)  VALUE       VALUE  FROM      YEAR
                                                  NORMAL
..................................................................
TEMPERATURE (F)
 YESTERDAY
  MAXIMUM         62    307 PM  72    2008  61      1       70
                                      2001
                                      1998
  MINIMUM         41    246 AM  28    2015  40      1       33
  AVERAGE         52                        50      2       52

PRECIPITATION (IN)
  YESTERDAY        0.00          0.79 1999   0.10  -0.10     0.00
  MONTH TO DATE    2.57                      1.99   0.58     3.35
  SINCE MAR 1      3.81                      4.24  -0.43     6.56
  SINCE JAN 1      6.97                      6.82   0.15    10.01

DEGREE DAYS
 HEATING
  YESTERDAY       13                        15     -2       13
  MONTH TO DATE  608                       428    180      307
  SINCE MAR 1   1500                      1281    219     1149
  SINCE JUL 1   5962                      6019    -57     5138

 COOLING
  YESTERDAY        0                         0      0        0
  MONTH TO DATE    0                         0      0        6
  SINCE MAR 1      0                         0      0        6
  SINCE JAN 1      0                         0      0        6
..................................................................


WIND (MPH)
  RESULTANT WIND SPEED   8   RESULTANT WIND DIRECTION  NE (40)
  HIGHEST WIND SPEED    17   HIGHEST WIND DIRECTION     N (20)
  HIGHEST GUST SPEED    22   HIGHEST GUST DIRECTION     N (10)
  AVERAGE WIND SPEED     8.1



WEATHER CONDITIONS
 THE FOLLOWING WEATHER WAS RECORDED YESTERDAY.
  NO SIGNIFICANT WEATHER WAS OBSERVED.


..........................................................


THE CHICAGO EXECUTIVE CLIMATE NORMALS FOR TODAY
                         NORMAL    RECORD    YEAR
 MAXIMUM TEMPERATURE (F)   61        84      2009
 MINIMUM TEMPERATURE (F)   40        28      2015


SUNRISE AND SUNSET
APRIL 24 2018.........SUNRISE   557 AM CDT   SUNSET   743 PM CDT
APRIL 25 2018.........SUNRISE   556 AM CDT   SUNSET   744 PM CDT


-  INDICATES NEGATIVE NUMBERS.
R  INDICATES RECORD WAS SET OR TIED.
MM INDICATES DATA IS MISSING.
T  INDICATES TRACE AMOUNT.




$$
