000
CDUS41 KGYX 280822
CLIPWM


CLIMATE REPORT
NATIONAL WEATHER SERVICE GRAY ME
411 AM EDT MON MAY 28 2018


...................................

...THE PORTLAND ME CLIMATE SUMMARY FOR MAY 27 2018...

CLIMATE NORMAL PERIOD 1981 TO 2010
CLIMATE RECORD PERIOD 1941 TO 2018


WEATHER ITEM   OBSERVED TIME   RECORD YEAR NORMAL DEPARTURE LAST
                VALUE   (LST)  VALUE       VALUE  FROM      YEAR
                                                  NORMAL
..................................................................
TEMPERATURE (F)
 YESTERDAY
  MAXIMUM         58   1236 AM  85    2008  67     -9       63
                                      1959
  MINIMUM         48   1159 PM  32    1969  48      0       48
  AVERAGE         53                        57     -4       56

PRECIPITATION (IN)
  YESTERDAY        T             1.93 1890   0.13  -0.13      T
  MONTH TO DATE    0.79                      3.50  -2.71     5.40
  SINCE MAR 1      9.82                     12.06  -2.24    15.30
  SINCE JAN 1     17.45                     18.69  -1.24    23.50

SNOWFALL (IN)
  YESTERDAY        0.0           0.0  2002   0.0    0.0      0.0
                                      2001
                                      2000
  MONTH TO DATE    0.0                       0.1   -0.1      0.0
  SINCE MAR 1     33.7                      15.6   18.1     29.1
  SINCE JUL 1     91.9                      62.0   29.9     95.3
  SNOW DEPTH       0

DEGREE DAYS
 HEATING
  YESTERDAY       12                         8      4        9
  MONTH TO DATE  232                       323    -91      331
  SINCE MAR 1   1878                      1929    -51     1989
  SINCE JUL 1   6582                      6971   -389     6467

 COOLING
  YESTERDAY        0                         0      0        0
  MONTH TO DATE   10                         0     10       15
  SINCE MAR 1     10                         0     10       17
  SINCE JAN 1     10                         0     10       17
..................................................................


WIND (MPH)
  RESULTANT WIND SPEED  11   RESULTANT WIND DIRECTION   E (80)
  HIGHEST WIND SPEED    20   HIGHEST WIND DIRECTION     E (80)
  HIGHEST GUST SPEED    29   HIGHEST GUST DIRECTION     E (70)
  AVERAGE WIND SPEED    11.2


SKY COVER
  AVERAGE SKY COVER 0.9


WEATHER CONDITIONS
 THE FOLLOWING WEATHER WAS RECORDED YESTERDAY.
  LIGHT RAIN


RELATIVE HUMIDITY (PERCENT)
 HIGHEST    86          1200 AM
 LOWEST     66          1200 PM
 AVERAGE    76

..........................................................


THE PORTLAND ME CLIMATE NORMALS FOR TODAY
                         NORMAL    RECORD    YEAR
 MAXIMUM TEMPERATURE (F)   67        90      1988
 MINIMUM TEMPERATURE (F)   48        35      1968


SUNRISE AND SUNSET
MAY 28 2018...........SUNRISE   505 AM EDT   SUNSET   813 PM EDT
MAY 29 2018...........SUNRISE   504 AM EDT   SUNSET   813 PM EDT


-  INDICATES NEGATIVE NUMBERS.
R  INDICATES RECORD WAS SET OR TIED.
MM INDICATES DATA IS MISSING.
T  INDICATES TRACE AMOUNT.




$$
