000
CDUS42 KRAH 230106
CLIRDU


CLIMATE REPORT
NATIONAL WEATHER SERVICE RALEIGH NC
900 PM EDT TUE MAY 22 2018


...................................

...THE RALEIGH-DURHAM INTL AIRPORT NC CLIMATE SUMMARY FOR MAY 22 2018...
VALID AS OF 0900 PM LOCAL TIME.

CLIMATE NORMAL PERIOD 1981 TO 2010
CLIMATE RECORD PERIOD 1887 TO 2018


WEATHER ITEM   OBSERVED TIME   RECORD YEAR NORMAL DEPARTURE LAST
                VALUE   (LST)  VALUE       VALUE  FROM      YEAR
                                                  NORMAL
..................................................................
TEMPERATURE (F)
 TODAY
  MAXIMUM         85   1244 PM  97    1941  81      4       80
  MINIMUM         67    415 AM  40    1968  58      9       68
  AVERAGE         76                        70      6       74

PRECIPITATION (IN)
  TODAY            0.05          2.95 1901   0.11  -0.06     0.30
  MONTH TO DATE    3.40                      2.20   1.20     3.62
  SINCE MAR 1     13.55                      9.23   4.32    15.41
  SINCE JAN 1     19.17                     15.96   3.21    19.84

DEGREE DAYS
 HEATING
  TODAY            0                         1     -1        0
  MONTH TO DATE    1                        46    -45       45
  SINCE MAR 1    831                       663    168      533
  SINCE JUL 1   3344                      3235    109     2506

 COOLING
  TODAY           11                         6      5        9
  MONTH TO DATE  187                        87    100      115
  SINCE MAR 1    204                       147     57      259
  SINCE JAN 1    226                       148     78      267
..................................................................


WIND (MPH)
  HIGHEST WIND SPEED    17   HIGHEST WIND DIRECTION     W (280)
  HIGHEST GUST SPEED    27   HIGHEST GUST DIRECTION    NW (300)
  AVERAGE WIND SPEED     4.3


SKY COVER
  POSSIBLE SUNSHINE  MM
  AVERAGE SKY COVER 0.7


WEATHER CONDITIONS
 THE FOLLOWING WEATHER WAS RECORDED TODAY.
  THUNDERSTORM
  FOG


RELATIVE HUMIDITY (PERCENT)
 HIGHEST   100           100 AM
 LOWEST     67           600 PM
 AVERAGE    84

..........................................................


THE RALEIGH-DURHAM INTL AIRPORT NC CLIMATE NORMALS FOR TOMORROW
                         NORMAL    RECORD    YEAR
 MAXIMUM TEMPERATURE (F)   81        98      1941
 MINIMUM TEMPERATURE (F)   59        38      2002


SUNRISE AND SUNSET
MAY 22 2018...........SUNRISE   605 AM EDT   SUNSET   819 PM EDT
MAY 23 2018...........SUNRISE   604 AM EDT   SUNSET   820 PM EDT


-  INDICATES NEGATIVE NUMBERS.
R  INDICATES RECORD WAS SET OR TIED.
MM INDICATES DATA IS MISSING.
T  INDICATES TRACE AMOUNT.

&&

CLIMATE REPORT NWS FORECAST OFFICE
NCSU CENTENNIAL CAMPUS
RALEIGH, NC

MAXIMUM TEMPERATURE...84

MINIMUM TEMPERATURE...67

PRECIPITATION...0.03

$$
