000
CDUS42 KFFC 222048
CLIRMG


CLIMATE REPORT
NATIONAL WEATHER SERVICE PEACHTREE CITY GA
448 PM EDT TUE MAY 22 2018


...................................

...THE ROME  CLIMATE SUMMARY FOR MAY 22 2018...
VALID TODAY AS OF 0400 PM LOCAL TIME.

CLIMATE NORMAL PERIOD 1981 TO 2010
CLIMATE RECORD PERIOD 9999 TO 9999


WEATHER ITEM   OBSERVED TIME   RECORD YEAR NORMAL DEPARTURE LAST
                VALUE   (LST)  VALUE       VALUE  FROM      YEAR
                                                  NORMAL
..................................................................
TEMPERATURE (F)
 TODAY
  MAXIMUM         83   1253 PM  MM      MM  82      1       77
  MINIMUM         70    627 AM  MM      MM  58     12       67
  AVERAGE         77                        70      7       72

PRECIPITATION (IN)
  TODAY            0.08         MM      MM   0.12  -0.04     0.17
  MONTH TO DATE    1.33                      3.10  -1.77     2.80
  SINCE MAR 1      9.57                     12.10  -2.53    13.58
  SINCE JAN 1     18.40                     21.79  -3.39    24.84

DEGREE DAYS
 COOLING
  TODAY           12                         6      6        7
  MONTH TO DATE  178                        74    104      128
  SINCE MAR 1    188                       107     81      270
  SINCE JAN 1    214                       107    107      270
..................................................................


WIND (MPH)
  RESULTANT WIND SPEED   2   RESULTANT WIND DIRECTION   S (180)
  HIGHEST WIND SPEED    10   HIGHEST WIND DIRECTION     S (160)
  HIGHEST GUST SPEED    15   HIGHEST GUST DIRECTION    SE (150)
  AVERAGE WIND SPEED     3.6


SKY COVER
  AVERAGE SKY COVER 0.9


WEATHER CONDITIONS
 THE FOLLOWING WEATHER WAS RECORDED TODAY.
  LIGHT RAIN
  FOG


RELATIVE HUMIDITY (PERCENT)
 HIGHEST   100           600 AM
 LOWEST     65           100 PM
 AVERAGE    83

..........................................................


THE ROME  CLIMATE NORMALS FOR TOMORROW
                         NORMAL    RECORD    YEAR
 MAXIMUM TEMPERATURE (F)   83        MM        MM
 MINIMUM TEMPERATURE (F)   58        MM        MM


SUNRISE AND SUNSET
MAY 22 2018...........SUNRISE   634 AM EDT   SUNSET   841 PM EDT
MAY 23 2018...........SUNRISE   633 AM EDT   SUNSET   842 PM EDT


-  INDICATES NEGATIVE NUMBERS.
R  INDICATES RECORD WAS SET OR TIED.
MM INDICATES DATA IS MISSING.
T  INDICATES TRACE AMOUNT.




$$
