610
CDUS41 KRNK 190632
CLIRNK


CLIMATE REPORT
NATIONAL WEATHER SERVICE BLACKSBURG VA
230 AM EDT THU APR 19 2018


...................................

...THE BLACKSBURG VA CLIMATE SUMMARY FOR APRIL 18 2018...

CLIMATE NORMAL PERIOD 1981 TO 2010
CLIMATE RECORD PERIOD 1952 TO 2018


WEATHER ITEM   OBSERVED RECORD YEAR NORMAL DEPARTURE LAST
                VALUE   VALUE       VALUE  FROM      YEAR
                                           NORMAL
...........................................................
TEMPERATURE (F)
 YESTERDAY
  MAXIMUM         77     85    1976  64     13       67
  MINIMUM         35     24    1983  39     -4       52
  AVERAGE         56                 52      4       60

PRECIPITATION (IN)
  YESTERDAY        0.00   1.94 2000   0.12  -0.12     0.12
  MONTH TO DATE    2.62               2.09   0.53     2.02
  SINCE MAR 1      7.28               5.73   1.55     5.26
  SINCE JAN 1     13.55              11.62   1.93    11.04

SNOWFALL (IN)
  YESTERDAY        0.0                                0.0
  MONTH TO DATE    1.2                                0.1
  SINCE MAR 1     23.9                                1.1
  SINCE JUL 1     31.3                                7.7
  SNOW DEPTH       0

DEGREE DAYS
 HEATING
  YESTERDAY        9                 14     -5        5
  MONTH TO DATE  312                290     22      177
  SINCE MAR 1   1132               1017    115      844
  SINCE JUL 1   4793               5065   -272     3936

 COOLING
  YESTERDAY        0                  0      0        0
  MONTH TO DATE    0                  0      0        2
  SINCE MAR 1      0                  0      0        2
  SINCE JAN 1      1                  0      1        2
...........................................................


WIND (MPH)
  HIGHEST WIND SPEED    14   HIGHEST WIND DIRECTION    SW (240)
  HIGHEST GUST SPEED    26   HIGHEST GUST DIRECTION    SW (240)
  AVERAGE WIND SPEED     5.1


SKY COVER
  AVERAGE SKY COVER 0.2


WEATHER CONDITIONS
 THE FOLLOWING WEATHER WAS RECORDED YESTERDAY.
  NO SIGNIFICANT WEATHER WAS OBSERVED.


RELATIVE HUMIDITY (PERCENT)
 HIGHEST    79           400 AM
 LOWEST     33           300 PM
 AVERAGE    56

..........................................................


THE BLACKSBURG VA CLIMATE NORMALS FOR TODAY
                         NORMAL    RECORD    YEAR
 MAXIMUM TEMPERATURE (F)   65        86      1976
 MINIMUM TEMPERATURE (F)   39        18      1983


SUNRISE AND SUNSET
APRIL 19 2018.........SUNRISE   642 AM EDT   SUNSET   800 PM EDT
APRIL 20 2018.........SUNRISE   640 AM EDT   SUNSET   801 PM EDT


-  INDICATES NEGATIVE NUMBERS.
R  INDICATES RECORD WAS SET OR TIED.
MM INDICATES DATA IS MISSING.
T  INDICATES TRACE AMOUNT.

REMARKS:
DUE TO MISSING TEMPERATURES FROM SEPTEMBER 8-10...THE
HEATING DEGREE DAY AND DEPARTURE FROM NORMAL WILL BE CALCULATED
WITHOUT DATA FROM THESE DATES.

$$
RCS
