000
CDUS46 KSGX 202321
CLISAN


CLIMATE REPORT
NATIONAL WEATHER SERVICE SAN DIEGO, CA
421 PM PDT FRI APR 20 2018


...................................

...THE SAN DIEGO INTL AIRPORT CA CLIMATE SUMMARY FOR APRIL 20 2018...
VALID TODAY AS OF 0400 PM LOCAL TIME.

CLIMATE NORMAL PERIOD 1981 TO 2010
CLIMATE RECORD PERIOD 1874 TO 2018


WEATHER ITEM   OBSERVED TIME   RECORD YEAR NORMAL DEPARTURE LAST
                VALUE   (LST)  VALUE       VALUE  FROM      YEAR
                                                  NORMAL
..................................................................
TEMPERATURE (F)
 TODAY
  MAXIMUM         68   1213 PM  98    2009  68      0       71
  MINIMUM         53    544 AM  42    1896  56     -3       58
  AVERAGE         61                        62     -1       65

PRECIPITATION (IN)
  TODAY            0.00          1.42 1988   0.02  -0.02     0.00
  MONTH TO DATE    0.01                      0.60  -0.59     0.01
  SINCE OCT 1      3.19                      9.77  -6.58    11.71
  SINCE JAN 1      3.10                      6.66  -3.56     6.81

DEGREE DAYS
 HEATING
  TODAY            4                         3      1        0
  MONTH TO DATE   37                        83    -46       19
  SINCE MAR 1    160                       261   -101       95
  SINCE JUL 1    611                      1119   -508      687

 COOLING
  TODAY            0                         1     -1        0
  MONTH TO DATE   22                         2     20        9
  SINCE MAR 1     23                         7     16       20
  SINCE JAN 1     40                        12     28       20
..................................................................


WIND (MPH)
  RESULTANT WIND SPEED   2   RESULTANT WIND DIRECTION  NW (300)
  HIGHEST WIND SPEED    16   HIGHEST WIND DIRECTION     W (270)
  HIGHEST GUST SPEED    22   HIGHEST GUST DIRECTION     W (280)
  AVERAGE WIND SPEED     8.4


SKY COVER
  POSSIBLE SUNSHINE  MM
  AVERAGE SKY COVER 0.1


WEATHER CONDITIONS
 THE FOLLOWING WEATHER WAS RECORDED TODAY.
  NO SIGNIFICANT WEATHER WAS OBSERVED.


RELATIVE HUMIDITY (PERCENT)
 HIGHEST    72          1200 AM
 LOWEST     48           900 AM
 AVERAGE    60

..........................................................


THE SAN DIEGO INTL AIRPORT CA CLIMATE NORMALS FOR TOMORROW
                         NORMAL    RECORD    YEAR
 MAXIMUM TEMPERATURE (F)   68        88      1899
 MINIMUM TEMPERATURE (F)   57        43      1896


SUNRISE AND SUNSET
APRIL 20 2018.........SUNRISE   613 AM PDT   SUNSET   722 PM PDT
APRIL 21 2018.........SUNRISE   612 AM PDT   SUNSET   723 PM PDT


-  INDICATES NEGATIVE NUMBERS.
R  INDICATES RECORD WAS SET OR TIED.
MM INDICATES DATA IS MISSING.
T  INDICATES TRACE AMOUNT.




$$
