000
CDUS41 KAKQ 220542
CLISBY


CLIMATE REPORT
NATIONAL WEATHER SERVICE WAKEFIELD, VA
141 AM EDT SUN APR 22 2018


...................................

...THE SALISBURY MD CLIMATE SUMMARY FOR APRIL 21 2018...

CLIMATE NORMAL PERIOD 1981 TO 2010
CLIMATE RECORD PERIOD 1900 TO 2018


WEATHER ITEM   OBSERVED TIME   RECORD YEAR NORMAL DEPARTURE LAST
                VALUE   (LST)  VALUE       VALUE  FROM      YEAR
                                                  NORMAL
..................................................................
TEMPERATURE (F)
 YESTERDAY
  MAXIMUM         60    413 PM  90    1917  67     -7       85
  MINIMUM         31    547 AM  29    2007  45    -14       55
                                      1983
  AVERAGE         46                        56    -10       70

PRECIPITATION (IN)
  YESTERDAY        0.00          1.76 2008   0.11  -0.11     0.06
  MONTH TO DATE    1.53                      2.62  -1.09     0.64
  SINCE MAR 1      4.57                      7.04  -2.47     5.27
  SINCE JAN 1     10.82                     14.00  -3.18    10.07

SNOWFALL (IN)
  YESTERDAY        0.0           0.0  2002   0.0    0.0
                                      2001
  MONTH TO DATE    T                         0.2   -0.2
  SINCE NOV 1     17.2                       9.3    7.9
  SINCE JUL 1     17.2                       9.3    7.9
  SNOW DEPTH       0

DEGREE DAYS
 HEATING
  YESTERDAY       19                        10      9        0
  MONTH TO DATE  318                       267     51      137
  SINCE MAR 1   1050                       897    153      761
  SINCE JUL 1   4097                      4202   -105     3512

 COOLING
  YESTERDAY        0                         1     -1        5
  MONTH TO DATE    8                         8      0       28
  SINCE MAR 1      8                        10     -2       30
  SINCE JAN 1     12                        10      2       30
..................................................................


WIND (MPH)
  HIGHEST WIND SPEED    13   HIGHEST WIND DIRECTION    NW (330)
  HIGHEST GUST SPEED    21   HIGHEST GUST DIRECTION     W (290)
  AVERAGE WIND SPEED     3.5


SKY COVER
  POSSIBLE SUNSHINE  MM
  AVERAGE SKY COVER 0.0


WEATHER CONDITIONS
 THE FOLLOWING WEATHER WAS RECORDED YESTERDAY.
  NO SIGNIFICANT WEATHER WAS OBSERVED.


RELATIVE HUMIDITY (PERCENT)
 HIGHEST    85           600 AM
 LOWEST     30           200 PM
 AVERAGE    58

..........................................................


THE SALISBURY MD CLIMATE NORMALS FOR TODAY
                         NORMAL    RECORD    YEAR
 MAXIMUM TEMPERATURE (F)   67        94      1985
 MINIMUM TEMPERATURE (F)   45        30      1975


SUNRISE AND SUNSET
APRIL 22 2018.........SUNRISE   617 AM EDT   SUNSET   745 PM EDT
APRIL 23 2018.........SUNRISE   615 AM EDT   SUNSET   746 PM EDT


-  INDICATES NEGATIVE NUMBERS.
R  INDICATES RECORD WAS SET OR TIED.
MM INDICATES DATA IS MISSING.
T  INDICATES TRACE AMOUNT.




$$
