000
CDUS46 KSTO 200842
CLISCK


CLIMATE REPORT
NATIONAL WEATHER SERVICE SACRAMENTO, CA
142 AM PDT SUN MAY 20 2018


...................................

...THE STOCKTON AIRPORT CA CLIMATE SUMMARY FOR MAY 19 2018...

CLIMATE NORMAL PERIOD 1981 TO 2010
CLIMATE RECORD PERIOD 1948 TO 2018


WEATHER ITEM   OBSERVED TIME   RECORD YEAR NORMAL DEPARTURE LAST
                VALUE   (LST)  VALUE       VALUE  FROM      YEAR
                                                  NORMAL
..................................................................
TEMPERATURE (F)
 YESTERDAY
  MAXIMUM         81    251 PM 100    2001  82     -1       93
  MINIMUM         55   1159 PM  41    1991  52      3       50
  AVERAGE         68

PRECIPITATION (IN)
  YESTERDAY        0.00          0.52 1961   0.02  -0.02     0.00
  MONTH TO DATE    T                         0.37  -0.37      T
  SINCE OCT 1      9.09                     13.52  -4.43    21.68
  SINCE JAN 1      8.13                      8.79  -0.66    15.52

SNOWFALL (IN)
  YESTERDAY        0.0          MM      MM
  MONTH TO DATE    0.0
  SINCE MAR 1      0.0
  SINCE JUL 1      0.0
  SNOW DEPTH       0

DEGREE DAYS
 HEATING
  YESTERDAY        0                         1     -1        0
  MONTH TO DATE    3                        47    -44       24
  SINCE MAR 1    432                       561   -129      399
  SINCE JUL 1   2017                      2623   -606     2108

 COOLING
  YESTERDAY        3                         4     -1        7
  MONTH TO DATE   65                        49     16       70
  SINCE MAR 1     83                        66     17       72
  SINCE JAN 1     83                        66     17       72
..................................................................


WIND (MPH)
  RESULTANT WIND SPEED  15   RESULTANT WIND DIRECTION   W (260)
  HIGHEST WIND SPEED    26   HIGHEST WIND DIRECTION     W (260)
  HIGHEST GUST SPEED    32   HIGHEST GUST DIRECTION     W (260)


SKY COVER
  POSSIBLE SUNSHINE  MM
  AVERAGE SKY COVER 0.0


WEATHER CONDITIONS
 THE FOLLOWING WEATHER WAS RECORDED YESTERDAY.
  NO SIGNIFICANT WEATHER WAS OBSERVED.


RELATIVE HUMIDITY (PERCENT)
 HIGHEST    77           100 AM
 LOWEST     35           100 PM
 AVERAGE    56

..........................................................


THE STOCKTON AIRPORT CA CLIMATE NORMALS FOR TODAY
                         NORMAL    RECORD    YEAR
 MAXIMUM TEMPERATURE (F)   82       100      2001
 MINIMUM TEMPERATURE (F)   52        45      1998


SUNRISE AND SUNSET
MAY 20 2018...........SUNRISE   551 AM PDT   SUNSET   813 PM PDT
MAY 21 2018...........SUNRISE   550 AM PDT   SUNSET   813 PM PDT


-  INDICATES NEGATIVE NUMBERS.
R  INDICATES RECORD WAS SET OR TIED.
MM INDICATES DATA IS MISSING.
T  INDICATES TRACE AMOUNT.




$$
