000
CDUS46 KLOX 210910
CLISDB


CLIMATE REPORT
NATIONAL WEATHER SERVICE LOS ANGELES/OXNARD CA
209 AM PDT SAT APR 21 2018


...................................

...THE SANDBERG CA CLIMATE SUMMARY FOR APRIL 20 2018...

CLIMATE NORMAL PERIOD 1981 TO 2010
CLIMATE RECORD PERIOD 1934 TO 2018


WEATHER ITEM   OBSERVED TIME   RECORD YEAR NORMAL DEPARTURE LAST
                VALUE   (LST)  VALUE       VALUE  FROM      YEAR
                                                  NORMAL
..................................................................
TEMPERATURE (F)
 YESTERDAY
  MAXIMUM         61    214 PM  82    1994  59      2       59
  MINIMUM         39   1243 AM  23    1967  43     -4       44
  AVERAGE         50                        51     -1       52

PRECIPITATION (IN)
  YESTERDAY        0.00          0.65 1953   0.01  -0.01     0.00
  MONTH TO DATE    0.01                      0.47  -0.46     0.09
  SINCE OCT 1      6.67                     11.48  -4.81    12.69
  SINCE JAN 1      6.62                      7.85  -1.23     8.85

DEGREE DAYS
 HEATING
  YESTERDAY       15                        14      1       13
  MONTH TO DATE  260                       317    -57      191
  SINCE MAR 1    849                       887    -38      522
  SINCE JUL 1   2448                      3646  -1198     2779

 COOLING
  YESTERDAY        0                         0      0        0
  MONTH TO DATE    0                         0      0        0
  SINCE MAR 1      0                         1     -1       16
  SINCE JAN 1      2                         1      1       16
..................................................................


WIND (MPH)
  HIGHEST WIND SPEED    33   HIGHEST WIND DIRECTION     N (350)
  HIGHEST GUST SPEED    43   HIGHEST GUST DIRECTION     N (340)
  AVERAGE WIND SPEED    17.8


SKY COVER
  POSSIBLE SUNSHINE  MM
  AVERAGE SKY COVER 0.0


WEATHER CONDITIONS
 THE FOLLOWING WEATHER WAS RECORDED YESTERDAY.
  NO SIGNIFICANT WEATHER WAS OBSERVED.


RELATIVE HUMIDITY (PERCENT)
 HIGHEST    70          1200 AM
 LOWEST     35           100 PM
 AVERAGE    53

..........................................................


THE SANDBERG CA CLIMATE NORMALS FOR TODAY
                         NORMAL    RECORD    YEAR
 MAXIMUM TEMPERATURE (F)   60        83      2013
                                             2012
 MINIMUM TEMPERATURE (F)   43        22      1971


SUNRISE AND SUNSET
APRIL 21 2018.........SUNRISE   616 AM PDT   SUNSET   732 PM PDT
APRIL 22 2018.........SUNRISE   614 AM PDT   SUNSET   733 PM PDT


-  INDICATES NEGATIVE NUMBERS.
R  INDICATES RECORD WAS SET OR TIED.
MM INDICATES DATA IS MISSING.
T  INDICATES TRACE AMOUNT.




$$
