000
CDUS46 KMTR 250845
CLISFD


CLIMATE REPORT
NATIONAL WEATHER SERVICE SAN FRANCISCO BAY AREA
144 AM PDT WED APR 25 2018


...................................

...THE SAN FRANCISCO DWTN CA CLIMATE SUMMARY FOR APRIL 24 2018...

CLIMATE NORMAL PERIOD 1981 TO 2010
CLIMATE RECORD PERIOD 1850 TO 2018


WEATHER ITEM   OBSERVED TIME   RECORD YEAR NORMAL DEPARTURE LAST
                VALUE   (LST)  VALUE       VALUE  FROM      YEAR
                                                  NORMAL
..................................................................
TEMPERATURE (F)
 YESTERDAY
  MAXIMUM         59    243 PM  85    1913  64     -5       60
  MINIMUM         51   1143 PM  40    2009  50      1       52
  AVERAGE         55                        57     -2       56

PRECIPITATION (IN)
  YESTERDAY        0.00          1.90 1896   0.04  -0.04     0.00
  MONTH TO DATE    3.91                      1.25   2.66     2.22
  SINCE OCT 1     17.37                     22.31  -4.94    32.20
  SINCE JAN 1     14.08                     13.47   0.61    23.17

DEGREE DAYS
 HEATING
  YESTERDAY       10                        MM     MM        9
  MONTH TO DATE  201                        MM     MM      180
  SINCE MAR 1    516                        MM     MM      419
  SINCE JUL 1   1971                        MM     MM     2266

 COOLING
  YESTERDAY        0                        MM     MM        0
  MONTH TO DATE    0                         0      0        0
  SINCE MAR 1      6                         0      6        1
  SINCE JAN 1      8                         0      8        1
..................................................................







THE SAN FRANCISCO DWTN CA CLIMATE NORMALS FOR TODAY
                         NORMAL    RECORD    YEAR
 MAXIMUM TEMPERATURE (F)   64        89      1926
 MINIMUM TEMPERATURE (F)   50        44      1892


SUNRISE AND SUNSET
APRIL 25 2018.........SUNRISE   621 AM PDT   SUNSET   755 PM PDT
APRIL 26 2018.........SUNRISE   620 AM PDT   SUNSET   756 PM PDT


-  INDICATES NEGATIVE NUMBERS.
R  INDICATES RECORD WAS SET OR TIED.
MM INDICATES DATA IS MISSING.
T  INDICATES TRACE AMOUNT.




$$
