000
CDUS46 KLOX 230111
CLISMX


CLIMATE REPORT
NATIONAL WEATHER SERVICE LOS ANGELES/OXNARD CA
611 PM PDT SUN APR 22 2018


...................................

...THE SANTA MARIA AIRPORT CA CLIMATE SUMMARY FOR APRIL 22 2018...
VALID TODAY AS OF 0600 PM LOCAL TIME.

CLIMATE NORMAL PERIOD 1981 TO 2010
CLIMATE RECORD PERIOD 1906 TO 2018


WEATHER ITEM   OBSERVED TIME   RECORD YEAR NORMAL DEPARTURE LAST
                VALUE   (LST)  VALUE       VALUE  FROM      YEAR
                                                  NORMAL
..................................................................
TEMPERATURE (F)
 TODAY
  MAXIMUM         75   1200 PM  88    1946  68      7       73
                                      1918
  MINIMUM         MM        MM  32    1971  45     MM       46
                                      1970
                                      1920
  AVERAGE         MM                        56     MM       60

PRECIPITATION (IN)
  TODAY            0.00          0.65 1924   0.03  -0.03     0.00
  MONTH TO DATE    0.41                      0.80  -0.39     1.18
  SINCE OCT 1      6.01                     13.23  -7.22    18.10
  SINCE JAN 1      5.89                      9.18  -3.29    13.30

SNOWFALL (IN)
  TODAY            0.0
  MONTH TO DATE    0.0
  SINCE MAR 1      0.0
  SINCE JUL 1      0.0

DEGREE DAYS
 HEATING
  TODAY           MM                         9     MM
  MONTH TO DATE  144                       214    -70
  SINCE MAR 1    453                       554   -101
  SINCE JUL 1   1569                      2387   -818

 COOLING
  TODAY           MM                         0     MM
  MONTH TO DATE    7                         0      7
  SINCE MAR 1      7                         1      6
  SINCE JAN 1      7                         2      5
..................................................................


WIND (MPH)
  HIGHEST WIND SPEED    14   HIGHEST WIND DIRECTION    NW (300)
  HIGHEST GUST SPEED    MM   HIGHEST GUST DIRECTION    MM
  AVERAGE WIND SPEED     5.6


SKY COVER
  POSSIBLE SUNSHINE  MM
  AVERAGE SKY COVER 0.0


WEATHER CONDITIONS
 THE FOLLOWING WEATHER WAS RECORDED TODAY.
  HAZE


RELATIVE HUMIDITY (PERCENT)
 HIGHEST    63           500 PM
 LOWEST     49           400 PM
 AVERAGE    56

..........................................................


THE SANTA MARIA AIRPORT CA CLIMATE NORMALS FOR TOMORROW
                         NORMAL    RECORD    YEAR
 MAXIMUM TEMPERATURE (F)   68        96      1946
 MINIMUM TEMPERATURE (F)   45        33      1970
                                             1921


SUNRISE AND SUNSET
APRIL 22 2018.........SUNRISE   621 AM PDT   SUNSET   740 PM PDT
APRIL 23 2018.........SUNRISE   620 AM PDT   SUNSET   741 PM PDT


-  INDICATES NEGATIVE NUMBERS.
R  INDICATES RECORD WAS SET OR TIED.
MM INDICATES DATA IS MISSING.
T  INDICATES TRACE AMOUNT.




$$
