000
CDUS42 KTBW 242129
CLISRQ


CLIMATE REPORT
NATIONAL WEATHER SERVICE TAMPA BAY FL
526 PM EDT THU MAY 24 2018


...................................

...THE SARASOTA BRADENTON CLIMATE SUMMARY FOR MAY 24 2018...
VALID TODAY AS OF 0500 PM LOCAL TIME.

CLIMATE NORMAL PERIOD 1981 TO 2010
CLIMATE RECORD PERIOD 1911 TO 2018


WEATHER ITEM   OBSERVED TIME   RECORD YEAR NORMAL DEPARTURE LAST
                VALUE   (LST)  VALUE       VALUE  FROM      YEAR
                                                  NORMAL
..................................................................
TEMPERATURE (F)
 TODAY
  MAXIMUM         89   1237 PM  95    2012  87      2       86
                                      1939
                                      1929
  MINIMUM         71    441 AM  55    1971  69      2       72
  AVERAGE         80                        78      2       79

PRECIPITATION (IN)
  TODAY            0.04          2.75 1925   0.07  -0.03     0.46
  MONTH TO DATE    4.96                      1.54   3.42     5.05
  SINCE MAR 1      9.78                      7.84   1.94     5.79
  SINCE JAN 1     12.87                     13.03  -0.16     8.28

DEGREE DAYS
 HEATING
  TODAY            0                         0      0        0
  MONTH TO DATE    0                         0      0        0
  SINCE MAR 1     90                        59     31       54
  SINCE JUL 1    389                       477    -88      202

 COOLING
  TODAY           15                        13      2       14
  MONTH TO DATE  301                       260     41      342
  SINCE MAR 1    616                       553     63      767
  SINCE JAN 1    856                       657    199      941
..................................................................


WIND (MPH)
  RESULTANT WIND SPEED   1   RESULTANT WIND DIRECTION   E (100)
  HIGHEST WIND SPEED    25   HIGHEST WIND DIRECTION     W (280)
  HIGHEST GUST SPEED    35   HIGHEST GUST DIRECTION     W (290)
  AVERAGE WIND SPEED     5.6


SKY COVER
  POSSIBLE SUNSHINE  MM
  AVERAGE SKY COVER 0.4


WEATHER CONDITIONS
 THE FOLLOWING WEATHER WAS RECORDED TODAY.
  THUNDERSTORM
  HEAVY RAIN
  RAIN
  FOG


RELATIVE HUMIDITY (PERCENT)
 HIGHEST   100           400 AM
 LOWEST     59          1200 PM

..........................................................


THE SARASOTA BRADENTON CLIMATE NORMALS FOR TOMORROW
                         NORMAL    RECORD    YEAR
 MAXIMUM TEMPERATURE (F)   87        94      2016
                                             2013
                                             2012
 MINIMUM TEMPERATURE (F)   69        58      1931


SUNRISE AND SUNSET
MAY 24 2018...........SUNRISE   638 AM EDT   SUNSET   817 PM EDT
MAY 25 2018...........SUNRISE   637 AM EDT   SUNSET   817 PM EDT


-  INDICATES NEGATIVE NUMBERS.
R  INDICATES RECORD WAS SET OR TIED.
MM INDICATES DATA IS MISSING.
T  INDICATES TRACE AMOUNT.




$$


&&
------------------------------------------------------------------
******************** SUPPLEMENTAL DATA ***************************

...GULF WATER TEMPERATURE AT VENICE 80 DEGREES
