808
CDKA40 PTYA 210700
CLIT11
DAILY CLIMATE REPORT
NATIONAL WEATHER SERVICE YAP FM
5PM LST SAT APR 21 2018
THE YAP FM CLIMATE SUMMARY FOR APRIL 21 2018
CLIMATE NORMAL PERIOD  1981  TO 2010
CLIMATE RECORD PERIOD  1951  TO 2017
WEATHER ITEM OBSERVED TIME  RECORD YEAR NORMAL DEPARTURE LAST
              VALUE   (LST) VALUE       VALUE    FROM    YEAR
                                                NORMAL
TEMPERATURE   (F)
TODAY
MAXIMUM       88  1445        97  2014     89     -1        87
MINIMUM       79  0845        63  1999     78      1        79
AVERAGE       84                           84      0        83
PRECIPITATION INCHES
TODAY           0.00       164.24/1996    0.20    -0.20    0.27
MONTH TO DATE   3.72                      3.85    -0.13    3.71
SINCE 01 MAR   16.01                      9.19     6.82   13.06
SINCE JAN 01   36.09                     22.48    13.61   44.92
