000
CDUS44 KBMX 270736
CLITOI


CLIMATE REPORT
NATIONAL WEATHER SERVICE BIRMINGHAM, AL
236 AM CDT FRI APR 27 2018


...................................

...THE TROY CLIMATE SUMMARY FOR APRIL 26 2018...

CLIMATE NORMAL PERIOD 1981 TO 2010
CLIMATE RECORD PERIOD 9999 TO 9999


WEATHER ITEM   OBSERVED TIME   RECORD YEAR NORMAL DEPARTURE LAST
                VALUE   (LST)  VALUE       VALUE  FROM      YEAR
                                                  NORMAL
..................................................................
TEMPERATURE (F)
 YESTERDAY
  MAXIMUM         70    412 PM  MM      MM  79     -9       83
  MINIMUM         49    352 AM  MM      MM  53     -4       52
  AVERAGE         60                        66     -6       68

PRECIPITATION (IN)
  YESTERDAY        0.27                      0.09   0.18     0.00
  MONTH TO DATE    3.57                      3.66  -0.09     1.71
  SINCE MAR 1      6.48                      9.69  -3.21     4.20
  SINCE JAN 1     11.74                     18.82  -7.08    22.83

SNOWFALL (IN)
  YESTERDAY        0.0                      MM     MM        0.0
  MONTH TO DATE    0.0                      MM     MM        0.0
  SINCE MAR 1      0.0                      MM     MM        0.0
  SINCE JUL 1      T                        MM     MM        0.0
  SNOW DEPTH       0

DEGREE DAYS
 HEATING
  YESTERDAY        5                         2      3        0
  MONTH TO DATE  128                       106     22       43
  SINCE MAR 1    421                       388     33      260
  SINCE JUL 1   2076                      2307   -231     1421

 COOLING
  YESTERDAY        0                         3     -3        3
  MONTH TO DATE   26                        45    -19       80
  SINCE MAR 1     54                        59     -5      132
  SINCE JAN 1    112                        64     48      154
..................................................................


WIND (MPH)
  HIGHEST WIND SPEED    14   HIGHEST WIND DIRECTION     W (250)
  HIGHEST GUST SPEED    21   HIGHEST GUST DIRECTION    SW (240)
  AVERAGE WIND SPEED     4.2


SKY COVER
  AVERAGE SKY COVER 0.3


WEATHER CONDITIONS
 THE FOLLOWING WEATHER WAS RECORDED YESTERDAY.
  HEAVY RAIN
  RAIN
  LIGHT RAIN
  FOG


RELATIVE HUMIDITY (PERCENT)
 HIGHEST   100          1200 AM
 LOWEST     57           500 PM
 AVERAGE    79

..........................................................


THE TROY CLIMATE NORMALS FOR TODAY
                         NORMAL    RECORD    YEAR
 MAXIMUM TEMPERATURE (F)   80        MM        MM
 MINIMUM TEMPERATURE (F)   53        MM        MM


SUNRISE AND SUNSET
APRIL 27 2018.........SUNRISE   602 AM CDT   SUNSET   722 PM CDT
APRIL 28 2018.........SUNRISE   601 AM CDT   SUNSET   722 PM CDT


-  INDICATES NEGATIVE NUMBERS.
R  INDICATES RECORD WAS SET OR TIED.
MM INDICATES DATA IS MISSING.
T  INDICATES TRACE AMOUNT.




$$
