000
CDUS45 KLKN 190948
CLITPH


CLIMATE REPORT
NATIONAL WEATHER SERVICE ELKO NV
248 AM PDT THU APR 19 2018


...................................

...THE TONOPAH AIRPORT NV CLIMATE SUMMARY FOR APRIL 18 2018...

CLIMATE NORMAL PERIOD 1981 TO 2010
CLIMATE RECORD PERIOD 1954 TO 2018


WEATHER ITEM   OBSERVED TIME   RECORD YEAR NORMAL DEPARTURE LAST
                VALUE   (LST)  VALUE       VALUE  FROM      YEAR
                                                  NORMAL
..................................................................
TEMPERATURE (F)
 YESTERDAY
  MAXIMUM         60    405 PM  84    1989  65     -5       61
  MINIMUM         26    537 AM  21    2013  35     -9       36
                                      2002
  AVERAGE         43                        50     -7       49

PRECIPITATION (IN)
  YESTERDAY        0.00          0.30 1983   0.01  -0.01     0.03
  MONTH TO DATE    T                         0.26  -0.26     0.17
  SINCE OCT 1      0.73                      2.93  -2.20     1.99
  SINCE JAN 1      0.72                      1.84  -1.12     1.46

DEGREE DAYS
 HEATING
  YESTERDAY       22                        15      7       16
  MONTH TO DATE  236                       310    -74      265
  SINCE MAR 1    960                       995    -35      796
  SINCE JUL 1   4540                      5037   -497     4661

 COOLING
  YESTERDAY        0                         0      0        0
  MONTH TO DATE    0                         0      0        0
  SINCE MAR 1      0                         0      0        0
  SINCE JAN 1      0                         0      0        0
..................................................................


WIND (MPH)
  HIGHEST WIND SPEED    28   HIGHEST WIND DIRECTION     S (160)
  HIGHEST GUST SPEED    34   HIGHEST GUST DIRECTION     S (170)
  AVERAGE WIND SPEED    14.0



WEATHER CONDITIONS
 THE FOLLOWING WEATHER WAS RECORDED YESTERDAY.
  NO SIGNIFICANT WEATHER WAS OBSERVED.


RELATIVE HUMIDITY (PERCENT)
 HIGHEST    55           300 AM
 LOWEST     11           400 PM
 AVERAGE    33

..........................................................


THE TONOPAH AIRPORT NV CLIMATE NORMALS FOR TODAY
                         NORMAL    RECORD    YEAR
 MAXIMUM TEMPERATURE (F)   65        84      1989
 MINIMUM TEMPERATURE (F)   35        18      2007


SUNRISE AND SUNSET
APRIL 19 2018.........SUNRISE   607 AM PDT   SUNSET   728 PM PDT
APRIL 20 2018.........SUNRISE   606 AM PDT   SUNSET   729 PM PDT


-  INDICATES NEGATIVE NUMBERS.
R  INDICATES RECORD WAS SET OR TIED.
MM INDICATES DATA IS MISSING.
T  INDICATES TRACE AMOUNT.




$$
