000
CDUS44 KMEG 230636
CLITUP


CLIMATE REPORT
NATIONAL WEATHER SERVICE MEMPHIS TN
134 AM CDT MON APR 23 2018


...................................

...THE TUPELO CLIMATE SUMMARY FOR APRIL 22 2018...

CLIMATE NORMAL PERIOD 1981 TO 2010
CLIMATE RECORD PERIOD 1930 TO 2018


WEATHER ITEM   OBSERVED TIME   RECORD YEAR NORMAL DEPARTURE LAST
                VALUE   (LST)  VALUE       VALUE  FROM      YEAR
                                                  NORMAL
..................................................................
TEMPERATURE (F)
 YESTERDAY
  MAXIMUM         68    118 AM  88    1989  76     -8       82
                                      1980
                                      1963
  MINIMUM         60   1159 PM  32    1978  52      8       56
  AVERAGE         64                        64      0       69

PRECIPITATION (IN)
  YESTERDAY        1.56          1.82 1996   0.16   1.40     0.74
  MONTH TO DATE    6.24                      3.40   2.84     4.63
  SINCE MAR 1     10.13                      8.22   1.91     8.74
  SINCE JAN 1     26.48                     17.66   8.82    17.21

SNOWFALL (IN)
  YESTERDAY        0.0           T    1934   0.0    0.0      0.0
  MONTH TO DATE    0.0                       0.0    0.0      0.0
  SINCE MAR 1      0.0                       0.3   -0.3       T
  SINCE JUL 1      0.8                       2.1   -1.3       T
  SNOW DEPTH       0

DEGREE DAYS
 HEATING
  YESTERDAY        1                         4     -3        0
  MONTH TO DATE  199                       125     74       31
  SINCE MAR 1    544                       480     64      321
  SINCE JUL 1   2868                      2911    -43     1939

 COOLING
  YESTERDAY        0                         2     -2        4
  MONTH TO DATE   10                        35    -25       81
  SINCE MAR 1     20                        49    -29      115
  SINCE JAN 1     40                        51    -11      127
..................................................................


WIND (MPH)
  HIGHEST WIND SPEED    20   HIGHEST WIND DIRECTION     E (110)
  HIGHEST GUST SPEED    26   HIGHEST GUST DIRECTION    SE (120)
  AVERAGE WIND SPEED     9.2


SKY COVER
  POSSIBLE SUNSHINE  MM
  AVERAGE SKY COVER 0.9


WEATHER CONDITIONS
 THE FOLLOWING WEATHER WAS RECORDED YESTERDAY.
  HEAVY RAIN
  RAIN
  LIGHT RAIN
  FOG


RELATIVE HUMIDITY (PERCENT)
 HIGHEST    97           600 PM
 LOWEST     49           100 AM
 AVERAGE    73

..........................................................


THE TUPELO CLIMATE NORMALS FOR TODAY
                         NORMAL    RECORD    YEAR
 MAXIMUM TEMPERATURE (F)   76        90      1965
                                             1961
 MINIMUM TEMPERATURE (F)   52        31      1982


SUNRISE AND SUNSET
APRIL 23 2018.........SUNRISE   614 AM CDT   SUNSET   733 PM CDT
APRIL 24 2018.........SUNRISE   613 AM CDT   SUNSET   734 PM CDT


-  INDICATES NEGATIVE NUMBERS.
R  INDICATES RECORD WAS SET OR TIED.
MM INDICATES DATA IS MISSING.
T  INDICATES TRACE AMOUNT.




$$
