000
CDUS45 KTWC 200737
CLITUS

CLIMATE REPORT
NATIONAL WEATHER SERVICE TUCSON AZ
1236 AM MST FRI APR 20 2018


...................................

...THE TUCSON AZ CLIMATE SUMMARY FOR APRIL 19 2018...

CLIMATE NORMAL PERIOD 1981 TO 2010
CLIMATE RECORD PERIOD 1895 TO 2018


WEATHER ITEM   OBSERVED TIME   RECORD YEAR NORMAL DEPARTURE LAST
                VALUE   (LST)  VALUE       VALUE  FROM      YEAR
                                                  NORMAL
..................................................................
TEMPERATURE (F)
 YESTERDAY
  MAXIMUM         89    303 PM 101    1989  83      6       90
  MINIMUM         52    530 AM  33    1933  53     -1       59
                                      1896
  AVERAGE         71                        68      3       75

PRECIPITATION (IN)
  YESTERDAY        0.00          0.44 1987   0.01  -0.01     0.00
  MONTH TO DATE    0.00                      0.24  -0.24      T
  SINCE OCT 1      2.57                      5.16  -2.59     3.27
  SINCE JAN 1      1.98                      2.77  -0.79     1.59

DEGREE DAYS
 HEATING
  YESTERDAY        0                         2     -2        0
  MONTH TO DATE    9                        49    -40       14
  SINCE MAR 1    112                       228   -116       61
  SINCE JUL 1    741                      1495   -754      942

 COOLING
  YESTERDAY        6                         4      2       10
  MONTH TO DATE  135                        57     78      109
  SINCE MAR 1    179                        86     93      253
  SINCE JAN 1    183                        90     93      262
..................................................................


WIND (MPH)
  HIGHEST WIND SPEED    29   HIGHEST WIND DIRECTION    SW (240)
  HIGHEST GUST SPEED    40   HIGHEST GUST DIRECTION    SW (220)
  AVERAGE WIND SPEED    13.5


SKY COVER
  POSSIBLE SUNSHINE  MM
  AVERAGE SKY COVER 0.0


WEATHER CONDITIONS
 THE FOLLOWING WEATHER WAS RECORDED YESTERDAY.
  NO SIGNIFICANT WEATHER WAS OBSERVED.


RELATIVE HUMIDITY (PERCENT)
 HIGHEST    18
 LOWEST      3
 AVERAGE    11

..........................................................


THE TUCSON AZ CLIMATE NORMALS FOR TODAY
                         NORMAL    RECORD    YEAR
 MAXIMUM TEMPERATURE (F)   83       104      1989
 MINIMUM TEMPERATURE (F)   53        34      1933


SUNRISE AND SUNSET
APRIL 20 2018.........SUNRISE   549 AM MST   SUNSET   657 PM MST
APRIL 21 2018.........SUNRISE   548 AM MST   SUNSET   657 PM MST


-  INDICATES NEGATIVE NUMBERS.
R  INDICATES RECORD WAS SET OR TIED.
MM INDICATES DATA IS MISSING.
T  INDICATES TRACE AMOUNT.




$$
