922
CDUS45 KBOI 260937
CLITWF


CLIMATE REPORT
NATIONAL WEATHER SERVICE BOISE ID
337 AM MDT SAT MAY 26 2018


...................................

...THE TWIN FALLS ID CLIMATE SUMMARY FOR MAY 25 2018...

CLIMATE NORMAL PERIOD 1981 TO 2010
CLIMATE RECORD PERIOD 9999 TO 9999


WEATHER ITEM   OBSERVED TIME   NORMAL DEPARTURE LAST
                VALUE   (LST)  VALUE  FROM      YEAR
                                      NORMAL
......................................................
TEMPERATURE (F)
 YESTERDAY
  MAXIMUM         86    319 PM  73     13       64
  MINIMUM         46    515 AM  45      1       39
  AVERAGE         66

PRECIPITATION (IN)
  YESTERDAY        0.00          0.04  -0.04      T
  MONTH TO DATE    0.88          1.11  -0.23     0.75
  SINCE OCT 1      6.43          8.33  -1.90    10.50
  SINCE JAN 1      3.87          5.08  -1.21     6.00

DEGREE DAYS
 HEATING
  YESTERDAY        0             7     -7       13
  MONTH TO DATE  174           249    -75      287
  SINCE MAR 1   1454          1480    -26     1488
  SINCE JUL 1   5986          6047    -61     6268

 COOLING
  YESTERDAY        1             1      0        0
  MONTH TO DATE    6            13     -7        1
  SINCE MAR 1      6            14     -8        1
  SINCE JAN 1      6            14     -8        1
......................................................


WIND (MPH)
  HIGHEST WIND SPEED    30   HIGHEST WIND DIRECTION     W (260)
  HIGHEST GUST SPEED    35   HIGHEST GUST DIRECTION     W (260)
  AVERAGE WIND SPEED     9.6


SKY COVER
  AVERAGE SKY COVER 0.0


WEATHER CONDITIONS
 THE FOLLOWING WEATHER WAS RECORDED YESTERDAY.
  NO SIGNIFICANT WEATHER WAS OBSERVED.


RELATIVE HUMIDITY (PERCENT)
 HIGHEST   100           200 AM
 LOWEST     16           500 PM
 AVERAGE    58

..........................................................




SUNRISE AND SUNSET
MAY 26 2018...........SUNRISE   607 AM MDT   SUNSET   904 PM MDT
MAY 27 2018...........SUNRISE   606 AM MDT   SUNSET   905 PM MDT


-  INDICATES NEGATIVE NUMBERS.
R  INDICATES RECORD WAS SET OR TIED.
MM INDICATES DATA IS MISSING.
T  INDICATES TRACE AMOUNT.




$$
