144
CDUS44 KSHV 230737
CLITXK


CLIMATE REPORT
NATIONAL WEATHER SERVICE SHREVEPORT, LA
236 AM CDT MON APR 23 2018


...................................

...THE TEXARKANA CLIMATE SUMMARY FOR APRIL 22 2018...

CLIMATE NORMAL PERIOD 1981 TO 2010
CLIMATE RECORD PERIOD 1896 TO 2018


WEATHER ITEM   OBSERVED TIME   RECORD YEAR NORMAL DEPARTURE LAST
                VALUE   (LST)  VALUE       VALUE  FROM      YEAR
                                                  NORMAL
..................................................................
TEMPERATURE (F)
 YESTERDAY
  MAXIMUM         60    502 PM  89    2009  77    -17       74
  MINIMUM         54   1159 PM  29    1931  54      0       51
  AVERAGE         57                        66     -9       63

PRECIPITATION (IN)
  YESTERDAY        0.00          2.27 1985   0.14  -0.14     0.16
  MONTH TO DATE    2.31                      2.76  -0.45     3.28
  SINCE DEC 1     29.58                     19.40  10.18    21.02
  SINCE JAN 1     22.99                     14.35   8.64    14.60

SNOWFALL (IN)
  YESTERDAY        0.0
  MONTH TO DATE    0.0
  SINCE MAR 1      0.0
  SINCE JUL 1      2.0
  SNOW DEPTH       0

DEGREE DAYS
 HEATING
  YESTERDAY        8                         2      6        2
  MONTH TO DATE  175                        95     80       25
  SINCE MAR 1    394                       395     -1      224
  SINCE JUL 1   2509                      2589    -80     1675

 COOLING
  YESTERDAY        0                         3     -3        0
  MONTH TO DATE   16                        47    -31       76
  SINCE MAR 1     44                        66    -22      125
  SINCE JAN 1     58                        70    -12      157
..................................................................


WIND (MPH)
  HIGHEST WIND SPEED    18   HIGHEST WIND DIRECTION     W (280)
  HIGHEST GUST SPEED    27   HIGHEST GUST DIRECTION     W (280)
  AVERAGE WIND SPEED    10.2


SKY COVER
  POSSIBLE SUNSHINE  MM
  AVERAGE SKY COVER 1.0


WEATHER CONDITIONS
 THE FOLLOWING WEATHER WAS RECORDED YESTERDAY.
  FOG


RELATIVE HUMIDITY (PERCENT)
 HIGHEST   100          1200 AM
 LOWEST     64           500 PM
 AVERAGE    82

..........................................................


THE TEXARKANA CLIMATE NORMALS FOR TODAY
                         NORMAL    RECORD    YEAR
 MAXIMUM TEMPERATURE (F)   77        90      1926
 MINIMUM TEMPERATURE (F)   55        39      1931


SUNRISE AND SUNSET
APRIL 23 2018.........SUNRISE   636 AM CDT   SUNSET   753 PM CDT
APRIL 24 2018.........SUNRISE   635 AM CDT   SUNSET   754 PM CDT


-  INDICATES NEGATIVE NUMBERS.
R  INDICATES RECORD WAS SET OR TIED.
MM INDICATES DATA IS MISSING.
T  INDICATES TRACE AMOUNT.




$$
