000
CDUS44 KSHV 202145
CLITYR


CLIMATE REPORT
NATIONAL WEATHER SERVICE SHREVEPORT, LA
444 PM CDT FRI APR 20 2018


...................................

...THE TYLER CLIMATE SUMMARY FOR APRIL 20 2018...
VALID TODAY AS OF 0400 PM LOCAL TIME.

CLIMATE NORMAL PERIOD 1981 TO 2010
CLIMATE RECORD PERIOD 1896 TO 2018


WEATHER ITEM   OBSERVED TIME   RECORD YEAR NORMAL DEPARTURE LAST
                VALUE   (LST)  VALUE       VALUE  FROM      YEAR
                                                  NORMAL
..................................................................
TEMPERATURE (F)
 TODAY
  MAXIMUM         69    259 PM  94    1987  76     -7       84
  MINIMUM         47    644 AM  36    1956  56     -9       68
  AVERAGE         58                        66     -8       76

PRECIPITATION (IN)
  TODAY            0.00          1.63 1957   0.11  -0.11     0.00
  MONTH TO DATE    0.87                      1.91  -1.04     0.98
  SINCE DEC 1     19.91                     17.14   2.77    13.67
  SINCE JAN 1     14.62                     12.90   1.72    11.02

SNOWFALL (IN)
  TODAY            0.0
  MONTH TO DATE    0.0
  SINCE MAR 1      0.0
  SINCE JUL 1      1.5
  SNOW DEPTH       0

DEGREE DAYS
 HEATING
  TODAY            7                         2      5        0
  MONTH TO DATE  103                        84     19       16
  SINCE MAR 1    245                       357   -112      145
  SINCE JUL 1   2047                      2249   -202     1228

 COOLING
  TODAY            0                         3     -3       11
  MONTH TO DATE   31                        41    -10      102
  SINCE MAR 1     96                        62     34      210
  SINCE JAN 1    123                        74     49      284
..................................................................


WIND (MPH)
  HIGHEST WIND SPEED    18   HIGHEST WIND DIRECTION     E (80)
  HIGHEST GUST SPEED    24   HIGHEST GUST DIRECTION     E (80)
  AVERAGE WIND SPEED     9.9


SKY COVER
  POSSIBLE SUNSHINE  MM
  AVERAGE SKY COVER 0.0


WEATHER CONDITIONS
 THE FOLLOWING WEATHER WAS RECORDED TODAY.
  NO SIGNIFICANT WEATHER WAS OBSERVED.


RELATIVE HUMIDITY (PERCENT)
 HIGHEST    71           600 AM
 LOWEST     33           300 PM
 AVERAGE    52

..........................................................


THE TYLER CLIMATE NORMALS FOR TOMORROW
                         NORMAL    RECORD    YEAR
 MAXIMUM TEMPERATURE (F)   76        92      1987
 MINIMUM TEMPERATURE (F)   56        38      1918


SUNRISE AND SUNSET
APRIL 20 2018.........SUNRISE   647 AM CDT   SUNSET   755 PM CDT
APRIL 21 2018.........SUNRISE   645 AM CDT   SUNSET   756 PM CDT


-  INDICATES NEGATIVE NUMBERS.
R  INDICATES RECORD WAS SET OR TIED.
MM INDICATES DATA IS MISSING.
T  INDICATES TRACE AMOUNT.




$$
