000
CDUS43 KLSX 202234
CLIUIN


CLIMATE REPORT
NATIONAL WEATHER SERVICE ST LOUIS MO
533 PM CDT SUN MAY 20 2018


...................................

...THE QUINCY IL CLIMATE SUMMARY FOR MAY 20 2018...
VALID TODAY AS OF 0500 PM LOCAL TIME.

CLIMATE NORMAL PERIOD 1981 TO 2010
CLIMATE RECORD PERIOD 1901 TO 2018


WEATHER ITEM   OBSERVED TIME   RECORD YEAR NORMAL DEPARTURE LAST
                VALUE   (LST)  VALUE       VALUE  FROM      YEAR
                                                  NORMAL
..................................................................
TEMPERATURE (F)
 TODAY
  MAXIMUM         78    359 PM  94    1902  74      4       76
  MINIMUM         62    447 AM  38    2002  54      8       52
                                      1954
  AVERAGE         70                        64      6       64

PRECIPITATION (IN)
  TODAY            0.04          2.42 1984   0.15  -0.11     0.58
  MONTH TO DATE    1.09                      2.83  -1.74     3.43
  SINCE MAR 1      5.10                      8.98  -3.88    13.42
  SINCE JAN 1      9.22                     12.38  -3.16    15.47

DEGREE DAYS
 HEATING
  TODAY            0                         4     -4
  MONTH TO DATE    0                       108   -108
  SINCE MAR 1   1348                      1196    152
  SINCE JUL 1   5515                      5538    -23

 COOLING
  TODAY            5                         2      3
  MONTH TO DATE  113                        30     83
  SINCE MAR 1    120                        48     72
  SINCE JAN 1    120                        48     72
..................................................................


WIND (MPH)
  HIGHEST WIND SPEED    17   HIGHEST WIND DIRECTION    SW (210)
  HIGHEST GUST SPEED    24   HIGHEST GUST DIRECTION    SW (240)
  AVERAGE WIND SPEED     6.4


SKY COVER
  AVERAGE SKY COVER 0.3



RELATIVE HUMIDITY (PERCENT)
 HIGHEST    93           500 AM
 LOWEST     60           200 PM
 AVERAGE    77

..........................................................


THE QUINCY IL CLIMATE NORMALS FOR TOMORROW
                         NORMAL    RECORD    YEAR
 MAXIMUM TEMPERATURE (F)   74        95      1925
 MINIMUM TEMPERATURE (F)   54        38      2002


SUNRISE AND SUNSET
MAY 20 2018...........SUNRISE   545 AM CDT   SUNSET   818 PM CDT
MAY 21 2018...........SUNRISE   545 AM CDT   SUNSET   819 PM CDT


-  INDICATES NEGATIVE NUMBERS.
R  INDICATES RECORD WAS SET OR TIED.
MM INDICATES DATA IS MISSING.
T  INDICATES TRACE AMOUNT.




$$
