000
CDUS43 KUNR 230831
CLIUNR


CLIMATE REPORT
NATIONAL WEATHER SERVICE RAPID CITY SD
230 AM MDT MON APR 23 2018


...................................

...THE EAST RAPID CITY SD CLIMATE SUMMARY FOR APRIL 22 2018...

CLIMATE NORMAL PERIOD 1981 TO 2010
CLIMATE RECORD PERIOD 1888 TO 2018


WEATHER ITEM   OBSERVED RECORD YEAR NORMAL DEPARTURE LAST
                VALUE   VALUE       VALUE  FROM      YEAR
                                           NORMAL
...........................................................
TEMPERATURE (F)
 YESTERDAY
  MAXIMUM         66     85    1939  58      8       66
  MINIMUM         32     17    1967  36     -4       34
  AVERAGE         49                 47      2       50

PRECIPITATION (IN)
  YESTERDAY        0.00   1.25 2001   0.08  -0.08     0.00
  MONTH TO DATE    1.45               1.38   0.07     1.23
  SINCE MAR 1      2.98               2.37   0.61     2.03
  SINCE JAN 1      4.17               3.14   1.03     2.82

SNOWFALL (IN)
  YESTERDAY        0.0   19.2  2001   0.3   -0.3      0.0
  MONTH TO DATE   18.8                7.2   11.6      1.4
  SINCE MAR 1     34.3               19.0   15.3      2.7
  SINCE JUL 1     66.4               45.7   20.7     35.9
  SNOW DEPTH       0

DEGREE DAYS
 HEATING
  YESTERDAY       16                 18     -2       15
  MONTH TO DATE  663                475    188      355
  SINCE MAR 1   1611               1383    228     1124
  SINCE JUL 1   6713               6337    376     5720

 COOLING
  YESTERDAY        0                  0      0        0
  MONTH TO DATE    0                  0      0        0
  SINCE MAR 1      0                  0      0        0
  SINCE JAN 1      0                  0      0        0
...........................................................


WIND (MPH)
  HIGHEST GUST SPEED    16   HIGHEST GUST DIRECTION    SE (130)



WEATHER CONDITIONS
 THE FOLLOWING WEATHER WAS RECORDED YESTERDAY.
  NO SIGNIFICANT WEATHER WAS OBSERVED.


..........................................................


THE EAST RAPID CITY SD CLIMATE NORMALS FOR TODAY
                         NORMAL    RECORD    YEAR
 MAXIMUM TEMPERATURE (F)   58        85      1906
 MINIMUM TEMPERATURE (F)   37        16      1902


SUNRISE AND SUNSET
APRIL 23 2018.........SUNRISE   556 AM MDT   SUNSET   747 PM MDT
APRIL 24 2018.........SUNRISE   555 AM MDT   SUNSET   748 PM MDT


-  INDICATES NEGATIVE NUMBERS.
R  INDICATES RECORD WAS SET OR TIED.
MM INDICATES DATA IS MISSING.
T  INDICATES TRACE AMOUNT.




$$
