000
CDUS44 KCRP 262314 CCA
CLIVCT

CLIMATE REPORT...CORRECTION
NATIONAL WEATHER SERVICE CORPUS CHRISTI TX
612 PM CDT SAT MAY 26 2018

...................................

...THE VICTORIA CLIMATE SUMMARY FOR MAY 26 2018...
VALID AS OF 612 PM LOCAL TIME.

CLIMATE NORMAL PERIOD 1981 TO 2010
CLIMATE RECORD PERIOD 1893 TO 2018


WEATHER ITEM   OBSERVED TIME   RECORD YEAR NORMAL DEPARTURE LAST
                VALUE   (LST)  VALUE       VALUE  FROM      YEAR
                                                  NORMAL
..................................................................
TEMPERATURE (F)
 TODAY
  MAXIMUM         96    324 PM  97    1928  89      7       89
  MINIMUM         70    549 AM  56    1913  70      0       78
  AVERAGE         83                        79      4       84

PRECIPITATION (IN)
  TODAY            0.00          4.41 2007   0.18  -0.18     0.00
  MONTH TO DATE    0.47                      4.35  -3.88     2.72
  SINCE MAR 1      3.81                      9.94  -6.13    10.64
  SINCE JAN 1      5.99                     14.54  -8.55    19.24

SNOWFALL (IN)
  TODAY            0.0
  MONTH TO DATE    0.0
  SINCE MAR 1      0.0
  SINCE JUL 1      2.0
  SNOW DEPTH       0

DEGREE DAYS
 HEATING
  TODAY            0                         0      0        0
  MONTH TO DATE    0                         0      0        0
  SINCE MAR 1     86                       155    -69       36
  SINCE JUL 1   1133                      1248   -115      567

 COOLING
  TODAY           18                        14      4       19
  MONTH TO DATE  373                       297     76      301
  SINCE MAR 1    654                       548    106      720
  SINCE JAN 1    744                       586    158      927
..................................................................


WIND (MPH)
  HIGHEST WIND SPEED    16   HIGHEST WIND DIRECTION     S (160)
  HIGHEST GUST SPEED    20   HIGHEST GUST DIRECTION     S (160)


SKY COVER
  POSSIBLE SUNSHINE  MM
  AVERAGE SKY COVER 0.3


WEATHER CONDITIONS
 THE FOLLOWING WEATHER WAS RECORDED TODAY.
  FOG
  FOG W/VISIBILITY <= 1/4 MILE


RELATIVE HUMIDITY (PERCENT)
 HIGHEST    94          1200 AM
 LOWEST     39           300 PM
 AVERAGE    67

..........................................................


THE VICTORIA CLIMATE NORMALS FOR TOMORROW
                         NORMAL    RECORD    YEAR
 MAXIMUM TEMPERATURE (F)   89       102      1928
 MINIMUM TEMPERATURE (F)   70        57      1913


SUNRISE AND SUNSET
MAY 26 2018...........SUNRISE   631 AM CDT   SUNSET   818 PM CDT
MAY 27 2018...........SUNRISE   631 AM CDT   SUNSET   819 PM CDT


-  INDICATES NEGATIVE NUMBERS.
R  INDICATES RECORD WAS SET OR TIED.
MM INDICATES DATA IS MISSING.
T  INDICATES TRACE AMOUNT.




$$
