751
CDUS42 KMLB 260641
CLIVRB


CLIMATE REPORT
NATIONAL WEATHER SERVICE MELBOURNE FL
230 AM EDT THU APR 26 2018


...................................

...THE VERO BEACH CLIMATE SUMMARY FOR APRIL 25 2018...

CLIMATE NORMAL PERIOD 1981 TO 2010
CLIMATE RECORD PERIOD 1942 TO 2018


WEATHER ITEM   OBSERVED TIME   RECORD YEAR NORMAL DEPARTURE LAST
                VALUE   (LST)  VALUE       VALUE  FROM      YEAR
                                                  NORMAL
..................................................................
TEMPERATURE (F)
 YESTERDAY
  MAXIMUM         84    205 PM  95    1945  82      2       84
  MINIMUM         59    346 AM  44    2012  63     -4       60
                                      2005
  AVERAGE         72                        72      0       72

PRECIPITATION (IN)
  YESTERDAY        0.00          1.76 1991   0.09  -0.09     0.00
  MONTH TO DATE    4.55                      2.30   2.25     2.76
  SINCE MAR 1      4.87                      6.42  -1.55     4.38
  SINCE JAN 1      8.08                     11.59  -3.51     6.34

SNOWFALL (IN)
  YESTERDAY        0.0
  MONTH TO DATE    0.0
  SINCE JUL 1      0.0

DEGREE DAYS
 HEATING
  YESTERDAY        0                         0      0        0
  MONTH TO DATE    2                        13    -11        3
  SINCE MAR 1     98                        68     30       42
  SINCE JUL 1    365                       453    -88      185

 COOLING
  YESTERDAY        7                         7      0        7
  MONTH TO DATE  211                       150     61      232
  SINCE MAR 1    303                       279     24      389
  SINCE JAN 1    592                       418    174      590
..................................................................


WIND (MPH)
  HIGHEST WIND SPEED    16   HIGHEST WIND DIRECTION     W (280)
  HIGHEST GUST SPEED    29   HIGHEST GUST DIRECTION     W (270)
  AVERAGE WIND SPEED     8.5


SKY COVER
  AVERAGE SKY COVER 0.2


WEATHER CONDITIONS
 THE FOLLOWING WEATHER WAS RECORDED YESTERDAY.
  HAZE


RELATIVE HUMIDITY (PERCENT)
 HIGHEST    97           200 AM
 LOWEST     45          1200 PM
 AVERAGE    71

..........................................................


THE VERO BEACH CLIMATE NORMALS FOR TODAY
                         NORMAL    RECORD    YEAR
 MAXIMUM TEMPERATURE (F)   82        95      2015
                                             1945
 MINIMUM TEMPERATURE (F)   63        48      1983


SUNRISE AND SUNSET
APRIL 26 2018.........SUNRISE   646 AM EDT   SUNSET   753 PM EDT
APRIL 27 2018.........SUNRISE   646 AM EDT   SUNSET   753 PM EDT


-  INDICATES NEGATIVE NUMBERS.
R  INDICATES RECORD WAS SET OR TIED.
MM INDICATES DATA IS MISSING.
T  INDICATES TRACE AMOUNT.




$$
