000
CXUS53 KABR 011810
CLMABR


CLIMATE REPORT
NATIONAL WEATHER SERVICE ABERDEEN SD
100 PM CDT SUN APR 1 2018

...................................

...THE ABERDEEN SD CLIMATE SUMMARY FOR THE MONTH OF MARCH 2018...

CLIMATE NORMAL PERIOD 1981 TO 2010
CLIMATE RECORD PERIOD 1893 TO 2018

WEATHER         OBSERVED          NORMAL  DEPART  LAST YEAR`S
                 VALUE   DATE(S)  VALUE   FROM    VALUE  DATE(S)
                                          NORMAL
................................................................
TEMPERATURE (F)
RECORD
 HIGH              86   03/31/1946
 LOW              -32   03/08/1995
HIGHEST            56   03/27        MM      MM       65  03/19
LOWEST             -8   03/01        MM      MM       -5  03/13
AVG. MAXIMUM     36.3              40.0    -3.7     41.5
AVG. MINIMUM     20.4              19.8     0.6     20.4
MEAN             28.3              29.9    -1.6     30.9
DAYS MAX >= 90      0               0.0     0.0        0
DAYS MAX <= 32      6               7.8    -1.8        9
DAYS MIN <= 32     30              27.9     2.1       27
DAYS MIN <= 0       1               2.2    -1.2        1

PRECIPITATION (INCHES)
RECORD
 MAXIMUM         7.55   1897
 MINIMUM         0.04   1971
TOTALS           1.59              1.16    0.43     0.67
DAYS >= .01        11               7.7     3.3        5
DAYS >= .10         4               3.2     0.8        1
DAYS >= .50         1               0.6     0.4        1
DAYS >= 1.00        0               0.1    -0.1        0

SNOWFALL (INCHES)
RECORDS
 TOTAL           27.9     MM                                                               SNOW DEPTH        24     MM
TOTALS           14.1               7.2     6.9     10.8
SINCE 7/1        32.9              35.0    -2.1     38.1
SNOWDEPTH AVG.      2                 3      -1        1
DAYS >= TRACE      13               5.2     7.8       10
DAYS >= 1.0         3               1.9     1.1        1
GREATEST
 SNOW DEPTH         7   03/06                          9  03/13

DEGREE_DAYS
HEATING TOTAL    1128              1088      40     1046
 SINCE 7/1       7495              7551     -56     6661
COOLING TOTAL       0                 0       0        0
 SINCE 1/1          0                 0       0        0

FREEZE DATES
RECORD
 EARLIEST     MM
 LATEST       MM
EARLIEST                        MM
LATEST                          MM
.................................................................

WIND (MPH)
AVERAGE WIND SPEED              10.5
RESULTANT WIND SPEED/DIRECTION   3/044
HIGHEST WIND SPEED/DIRECTION    35/160    DATE  03/24
HIGHEST GUST SPEED/DIRECTION    42/170    DATE  03/25

SKY COVER
POSSIBLE SUNSHINE (PERCENT)   MM
AVERAGE SKY COVER           0.60
NUMBER OF DAYS FAIR           10
NUMBER OF DAYS PC              7
NUMBER OF DAYS CLOUDY         14

AVERAGE RH (PERCENT)     81

WEATHER CONDITIONS. NUMBER OF DAYS WITH
  0
  0
  0
  0
  2
  0
  2
HAZE                      3

-  INDICATES NEGATIVE NUMBERS.
R  INDICATES RECORD WAS SET OR TIED.
MM INDICATES DATA IS MISSING.
T  INDICATES TRACE AMOUNT.

$$
