000
CXAK57 PAJK 030352 CCA
CLMAJK

CLIMATE REPORT
NATIONAL WEATHER SERVICE JUNEAU, AK
655 PM AKDT MON APR 2 2018

...................................

...THE JUNEAU CLIMATE SUMMARY FOR THE MONTH OF MARCH 2018...

CLIMATE NORMAL PERIOD 1981 TO 2010
CLIMATE RECORD PERIOD 1936 TO 2018

WEATHER         OBSERVED          NORMAL  DEPART  LAST YEAR`S
                 VALUE   DATE(S)  VALUE   FROM    VALUE
                                          NORMAL
.............................................................
TEMPERATURE (F)
RECORD
 HIGH              61   03/21/1998
 LOW              -15   03/07/1972
HIGHEST            49   03/29        49       0
LOWEST             10   03/06        13      -3
AVG. MAXIMUM     38.6              39.6    -1.0
AVG. MINIMUM     25.7              28.0    -2.3
MEAN             32.2              33.8    -1.6
DAYS MAX >= 90      0               0.0     0.0
DAYS MAX <= 32      5               3.3     1.7
DAYS MIN <= 32     25              20.1     4.9
DAYS MIN <= 0       0               0.1    -0.1

PRECIPITATION (INCHES)
RECORD
 MAXIMUM         6.50   1994
 MINIMUM         0.59   1983
TOTALS           2.53              3.78   -1.25
DAILY AVG.       0.08              0.12   -0.04
DAYS >= .01        15              18.9    -3.9
DAYS >= .10         8              11.7    -3.7
DAYS >= .50         1               1.5    -0.5
DAYS >= 1.00        0               0.1    -0.1
GREATEST
 24 HR. TOTAL    0.53   03/11 TO 03/11

SNOWFALL (INCHES)
RECORDS
 TOTAL           62.7   2007
 24 HR TOTAL     30.6   03/20/1948 TO 03/21/1948
 SNOW DEPTH        40   03/10/1972
TOTALS           19.4              11.6     7.8
SINCE 7/1        77.3              85.6    -8.3
SNOWDEPTH AVG.      4                 3       1
DAYS >= TRACE      13               6.8     6.2
DAYS >= 1.0         5               3.1     1.9        8
GREATEST
 SNOW DEPTH        13   03/08
 24 HR TOTAL      6.7   03/07 TO 03/07

DEGREE_DAYS
HEATING TOTAL    1009               967      42
 SINCE 7/1       7115              6804     311
COOLING TOTAL       0                 0       0
 SINCE 1/1          0                 0       0

FREEZE DATES
EARLIEST                        10/02
LATEST                          05/06
..............................................................

WIND (MPH)
AVERAGE WIND SPEED              5.8
HIGHEST WIND SPEED/DIRECTION    35/110    DATE  03/09
HIGHEST GUST SPEED/DIRECTION    43/100    DATE  03/09


WEATHER CONDITIONS. NUMBER OF DAYS WITH
THUNDERSTORM              0     MIXED PRECIP               0
HEAVY RAIN                0     RAIN                       4
LIGHT RAIN               13     FREEZING RAIN              0
LT FREEZING RAIN          1     HAIL                       0
HEAVY SNOW                0     SNOW                       4
LIGHT SNOW               12     SLEET                      1
FOG                      16     FOG W/VIS <= 1/4 MILE      4
HAZE                      0

-  INDICATES NEGATIVE NUMBERS.
R  INDICATES RECORD WAS SET OR TIED.
MM INDICATES DATA IS MISSING.
T  INDICATES TRACE AMOUNT.

$$
...MARCH 2018 WAS GENERALLY DRIER AND LESS SNOWY THAN NORMAL...

FOR THE MOST PART, SOUTHEAST ALASKA RECORDED ANYWHERE FROM ONE HALF
TO ONLY ONE THIRD OF THE NORMAL MARCH PRECIPITATION VALUES. THE
ONGOING LACK OF PRECIPITATION HAS RESULTED IN SOUTHEAST ALASKA BEING
LABELLED AS EITHER ABNORMALLY DRY OR IN MODERATE DROUGHT ACCORDING
TO THE NATIONAL DROUGHT MONITOR. THIS IS PARTICULARLY NOTEWORTHY
CONSIDERING NEARLY ALL OF SOUTHEAST ALASKA IS ALSO CONSIDERED A
TEMPERATE RAINFOREST. WHILE A SHORT TERM PRECIPITATION DEFICIT DOES
NOT EQUATE TO CLIMATE CHANGE, THE MULTI-YEAR PRECIPITATION DEFICIT
CURRENTLY BEING EXPERIENCED BY YAKUTAT COULD VERY WELL BE THE RESULT
OF CLIMATE CHANGE. FOR THE REMAINDER OF SOUTHEAST ALASKA, THE
CURRENT SITUATION BEARS WATCHING FOR ANY LONG TERM OR SEASONAL
TRENDS.

IN SPITE OF THE GENERAL SNOWFALL AND PRECIPITATION SHORTFALL, THERE
WERE A FEW NOTABLE EXTREMES. JUNEAU AIRPORT, WHICH RECORDED 33
PERCENT BELOW NORMAL MARCH PRECIPITATION, RECORDED 67 PERCENT ABOVE
NORMAL SNOWFALL FOR THE MONTH. MEANWHILE, LITTLE PORT WALTER, ONE OF
THE WETTEST PLACES IN SOUTHEAST ALASKA, SAW TWICE THEIR NORMAL MARCH
PRECIPITATION, BUT LESS THAN HALF OF THEIR NORMAL MARCH SNOWFALL.
YAKUTAT WAS BOTH DRY AND LACKING IN SNOW FOR THE MONTH, RECORDING
ONLY A THIRD OF THEIR NORMAL MARCH PRECIPITATION AND SNOWFALL.

SEVERAL RECORD HIGH TEMPERATURES WERE SET ACROSS THE PANHANDLE
BETWEEN THE 12TH AND THE 15TH OF THE MONTH. DURING THAT TIME,
TEMPERATURES ROSE TO THE MID 60S ON MULTIPLE DAYS. RECORD DAILY
SNOWFALL WAS ALSO SET IN JUNEAU ON THE 26TH OF MARCH.

$$
