000
CXUS52 KJAX 011607 RRA
CLMAMG

CLIMATE REPORT
NATIONAL WEATHER SERVICE JACKSONVILLE FL
809 AM EDT TUE MAY 1 2018

...................................

...THE ALMA CLIMATE SUMMARY FOR THE MONTH OF APRIL 2018...

CLIMATE NORMAL PERIOD 1981 TO 2010
CLIMATE RECORD PERIOD 1948 TO 2018

WEATHER         OBSERVED          NORMAL  DEPART  LAST YEAR`S
                 VALUE   DATE(S)  VALUE   FROM    VALUE  DATE(S)
                                          NORMAL
................................................................
TEMPERATURE (F)
RECORD
 HIGH              96   04/27/1986
 LOW               30   04/08/2007
HIGHEST            88   04/18        79       9       94  04/28
                        04/03
LOWEST             39   04/17        54     -15       37  04/08
AVG. MAXIMUM     77.7              78.7    -1.0     83.7
AVG. MINIMUM     51.9              53.7    -1.8     55.7
MEAN             64.8              66.2    -1.4     69.7
DAYS MAX >= 90      0               0.8    -0.8        4
DAYS MAX <= 32      0               0.0     0.0        0
DAYS MIN <= 32      0               0.1    -0.1        0
DAYS MIN <= 0       0               0.0     0.0        0

PRECIPITATION (INCHES)
RECORD
 MAXIMUM         8.15   1949
 MINIMUM         0.05   2007
TOTALS           2.02              2.81   -0.79     2.46
DAILY AVG.       0.07              0.09   -0.02     0.08
DAYS >= .01         6               6.4    -0.4        4
DAYS >= .10         4               4.0     0.0        3
DAYS >= .50         2               1.8     0.2        1
DAYS >= 1.00        0               0.8    -0.8        1
GREATEST
 24 HR. TOTAL    0.89

SNOWFALL (INCHES)
RECORDS
 TOTAL             MM   MM
TOTALS            0.0               0.0     0.0      0.0
SINCE 7/1         3.0               0.1     2.9      0.0
SNOWDEPTH AVG.      0                MM      MM        0
DAYS >= 1.0         0               0.0     0.0        0
GREATEST
 SNOW DEPTH         0   MM                             0  MM
 24 HR TOTAL      0.0

DEGREE_DAYS
HEATING TOTAL      60                64      -4       27
 SINCE 7/1       1551              1653    -102     1080
COOLING TOTAL      61               100     -39      176
 SINCE 1/1        187               154      33      294
.................................................................

WIND (MPH)
AVERAGE WIND SPEED              6.0
HIGHEST WIND SPEED/DIRECTION    23/270    DATE  04/16
HIGHEST GUST SPEED/DIRECTION    32/300    DATE  04/16

SKY COVER
POSSIBLE SUNSHINE (PERCENT)   MM
AVERAGE SKY COVER           0.30
NUMBER OF DAYS FAIR           17
NUMBER OF DAYS PC              8
NUMBER OF DAYS CLOUDY          5

AVERAGE RH (PERCENT)     66

WEATHER CONDITIONS. NUMBER OF DAYS WITH
  0
  3
  0
  0
  0
  0
  5
HAZE                      4

-  INDICATES NEGATIVE NUMBERS.
R  INDICATES RECORD WAS SET OR TIED.
MM INDICATES DATA IS MISSING.
T  INDICATES TRACE AMOUNT.

$$
