000
CXUS53 KLMK 011412
CLMBWG


CLIMATE REPORT
NATIONAL WEATHER SERVICE LOUISVILLE KY
959 AM EDT TUE MAY 1 2018

...................................

...THE BOWLING GREEN CLIMATE SUMMARY FOR THE MONTH OF APRIL 2018...

CLIMATE NORMAL PERIOD 1981 TO 2010
CLIMATE RECORD PERIOD 1870 TO 2018

WEATHER         OBSERVED          NORMAL  DEPART  LAST YEAR`S
                 VALUE   DATE(S)  VALUE   FROM    VALUE  DATE(S)
                                          NORMAL
................................................................
TEMPERATURE (F)
RECORD
 HIGH              96   04/24/1925
 LOW               18   04/17/1875
HIGHEST            82   04/12        MM      MM       89  04/29
LOWEST             29   04/17        MM      MM       35  04/08
                        04/08
                        04/05
AVG. MAXIMUM     63.8              69.7    -5.9     75.1
AVG. MINIMUM     41.9              45.6    -3.7     52.7
MEAN             52.8              57.7    -4.9     63.9
DAYS MAX >= 90      0               0.1    -0.1        0
DAYS MAX <= 32      0               0.0     0.0        0
DAYS MIN <= 32      7               2.3     4.7        0
DAYS MIN <= 0       0               0.0     0.0        0

PRECIPITATION (INCHES)
RECORD
 MAXIMUM        11.49   1912
 MINIMUM         0.94   1976
TOTALS           3.83              4.34   -0.51     4.58
DAILY AVG.       0.13              0.14   -0.01     0.15
DAYS >= .01        10              11.7    -1.7       13
DAYS >= .10         8               7.9     0.1       12
DAYS >= .50         3               3.0     0.0        4
DAYS >= 1.00        0               0.9    -0.9        0
GREATEST
 24 HR. TOTAL    1.48   04/14 TO 04/15

SNOWFALL (INCHES)
RECORDS
 TOTAL            2.1   5
                        0
TOTALS            0.3               0.2     0.1      0.0
SINCE 7/1        11.0               9.1     1.9      0.7
SNOWDEPTH AVG.      0                MM      MM        0
DAYS >= 1.0         0               0.1    -0.1        0
GREATEST
 SNOW DEPTH         T   04/07                          0  MM
 24 HR TOTAL      0.3   04/07 TO 04/07

DEGREE_DAYS
HEATING TOTAL     367               251     116      109
 SINCE 7/1       3924              3969     -45     2929
COOLING TOTAL      11                31     -20       84
 SINCE 1/1         26                36     -10       94
.................................................................

WIND (MPH)
AVERAGE WIND SPEED              7.2
HIGHEST WIND SPEED/DIRECTION    29/190    DATE  04/13
HIGHEST GUST SPEED/DIRECTION    40/280    DATE  04/14

SKY COVER
POSSIBLE SUNSHINE (PERCENT)   MM
AVERAGE SKY COVER           0.40
NUMBER OF DAYS FAIR           15
NUMBER OF DAYS PC              8
NUMBER OF DAYS CLOUDY          7

AVERAGE RH (PERCENT)     67

WEATHER CONDITIONS. NUMBER OF DAYS WITH
THUNDERSTORM         3        MIXED PRECIP            0
HEAVY RAIN           3        RAIN                    6
LIGHT RAIN          11        FREEZING RAIN           0
LT FREEZING RAIN     0        HAIL                    0
HEAVY SNOW           0        SNOW                    0
LIGHT SNOW           2        SLEET                   0
FOG                 15        FOG W/VIZ <= 1/4 MILE   0
HAZE                 2

-  INDICATES NEGATIVE NUMBERS.
R  INDICATES RECORD WAS SET OR TIED.
MM INDICATES DATA IS MISSING.
T  INDICATES TRACE AMOUNT.

$$
