000
CXUS51 KLWX 020233
CLMIAD

CLIMATE REPORT
NATIONAL WEATHER SERVICE BALTIMORE MD/WASHINGTON DC
1033 PM EDT SUN APR 1 2018

...................................

...THE WASHINGTON DULLES DC CLIMATE SUMMARY FOR THE MONTH OF MARCH 2018...

CLIMATE NORMAL PERIOD 1981 TO 2010
CLIMATE RECORD PERIOD 1960 TO 2018

WEATHER         OBSERVED          NORMAL  DEPART  LAST YEAR`S
                 VALUE   DATE(S)  VALUE   FROM    VALUE
                                          NORMAL
.............................................................
TEMPERATURE (F)
RECORD
 HIGH              89   03/30/1998
                        03/12/1990
 LOW                    03/04/2014
                        03/15/1993
HIGHEST            76   03/29        77      -1
LOWEST             20   03/10        15       5
AVG. MAXIMUM     49.7              55.5    -5.8     54.8
AVG. MINIMUM     29.5              32.9    -3.4     33.7
MEAN             39.6              44.2    -4.6
DAYS MAX >= 90      0               0.0     0.0
DAYS MAX <= 32      0               0.6    -0.6
DAYS MIN <= 32     24              15.2     8.8
DAYS MIN <= 0       0               0.0     0.0

PRECIPITATION (INCHES)
RECORD
 MAXIMUM         7.65   1973
 MINIMUM         0.07   2006
TOTALS           1.79              3.38   -1.59     4.12
DAILY AVG.       0.06              0.11   -0.05
DAYS >= .01         8              10.5    -2.5
DAYS >= .10         5               6.8    -1.8
DAYS >= .50         1               2.1    -1.1
DAYS >= 1.00        0               0.9    -0.9
GREATEST
 24 HR. TOTAL    0.78   03/20 TO 03/20

SNOWFALL (INCHES)
RECORDS
 TOTAL           15.5   1993
TOTALS            5.3               2.8     2.5
SINCE 7/1        11.9              21.7    -9.8
SNOWDEPTH AVG.      0
DAYS >= TRACE      10               1.5     8.5
DAYS >= 1.0         1               0.9     0.1
GREATEST
 SNOW DEPTH         4   03/22
 24 HR TOTAL      4.8

DEGREE_DAYS
HEATING TOTAL     779               647     132      640
 SINCE 7/1       4130              4237    -107     3533
COOLING TOTAL       0                 3      -3        2
 SINCE 1/1          5                 3       2        2
..............................................................

WIND (MPH)
AVERAGE WIND SPEED              10.6
HIGHEST WIND SPEED/DIRECTION    49/290    DATE  03/02
HIGHEST GUST SPEED/DIRECTION    71/290    DATE  03/02

SKY COVER
POSSIBLE SUNSHINE (PERCENT)   MM
AVERAGE SKY COVER           0.60
NUMBER OF DAYS FAIR            8
NUMBER OF DAYS PC             11
NUMBER OF DAYS CLOUDY         10

AVERAGE RH (PERCENT)     62

WEATHER CONDITIONS. NUMBER OF DAYS WITH
THUNDERSTORM              0     MIXED PRECIP               0
HEAVY RAIN                1     RAIN                       2
LIGHT RAIN                9     FREEZING RAIN              0
LT FREEZING RAIN          2     HAIL                       0
HEAVY SNOW                1     SNOW                       3
LIGHT SNOW                9     SLEET                      1
FOG                      10     FOG W/VIS <= 1/4 MILE      1
HAZE                      3

-  INDICATES NEGATIVE NUMBERS.
R  INDICATES RECORD WAS SET OR TIED.
MM INDICATES DATA IS MISSING.
T  INDICATES TRACE AMOUNT.

&&

WASHINGTON DULLES INTERNATIONAL AIRPORT...

...7TH COLDEST MARCH ON RECORD AT DULLES...
...10TH DRIEST MARCH ON RECORD AT DULLES...

THE MONTHLY AVERAGE TEMPERATURE WAS WELL BELOW NORMAL. IT RANKS AS
THE SEVENTH COLDEST MARCH ON RECORD. IT WAS THE COLDEST MARCH SINCE
2014, WHICH WAS THE COLDEST ON RECORD WITH AN AVERAGE TEMPERATURE OF
37.4 DEGREES.

MONTHLY PRECIPITATION WAS ONLY 53 PERCENT OF NORMAL. IT RANKS AS THE
10TH DRIEST MARCH ON RECORD. IT WAS THE DRIEST MARCH SINCE 2016,
WHEN ONLY 1.45 INCHES OF PRECIPITATION FELL.

MONTHLY SNOWFALL WAS 189 PERCENT OF NORMAL. IT WAS THE SNOWIEST
MARCH SINCE 2017, WHEN 5.7 INCHES OF SNOW FELL.

A DAILY RECORD LOW MAXIMUM TEMPERATURE OF 34 DEGREES WAS SET ON
MARCH 21ST. THIS BROKE THE OLD RECORD OF 35 DEGREES SET IN 1986.

A DAILY RECORD MAXIMUM SNOWFALL OF 4.8 INCHES WAS ALSO SET ON MARCH
21ST. THIS BROKE THE OLD RECORD OF 2.3 INCHES SET IN 1964.

TEMPERATURE AND PRECIPITATION RECORDS AT WASHINGTON DULLES
INTERNATIONAL AIRPORT BEGAN IN 1960. SNOWFALL RECORDS BEGAN IN 1962.

ALL CLIMATE DATA ARE CONSIDERED PRELIMINARY UNTIL REVIEWED BY THE
NATIONAL CENTERS FOR ENVIRONMENTAL INFORMATION (NCEI).

$$

RCM
