000
CXCA52 TJSJ 021728 CCA
CLMISX
CLIMATE REPORT ...CORRECTED
NATIONAL WEATHER SERVICE SAN JUAN PR
128 PM AST SAT MAR 2 2024
...................................
THE HENRY E. ROHLSEN AP/ST CROIX CLIMATE SUMMARY FOR THE MONTH OF FEBRUARY 2024...
CLIMATE NORMAL PERIOD: 1991 TO 2020
CLIMATE RECORD PERIOD: 1951 TO 2024
WEATHER OBSERVED NORMAL DEPART LAST YEAR`S
VALUE DATE(S) VALUE FROM VALUE
NORMAL
..............................................................
TEMPERATURE (F)
RECORD
HIGH 93 02/10/2005
LOW 61 02/05/1979
HIGHEST 89 02/05 87 2 87
02/06
LOWEST 69 02/03 74 -5 66
AVG. MAXIMUM 86.0 84.6 1.4 84.4
AVG. MINIMUM 73.9 71.4 2.5 71.6
MEAN 79.9 78.0 1.9 78.0
DAYS MAX >= 90 0 0.0 0.0 0
DAYS MAX <= 32 0 0.0 0.0 0
DAYS MIN <= 32 0 0.0 0.0 0
DAYS MIN <= 0 0 0.0 0.0 0
PRECIPITATION (INCHES)
RECORD
MAXIMUM 4.94 2024
MINIMUM 0.11 2005
TOTALS 4.94R 1.35 3.59 0.82
DAILY AVG. 0.17 NAN NAN 0.03
DAYS >= .01 10 12.6 -2.6 8
DAYS >= .10 6 3.8 2.2 2
DAYS >= .50 2 0.4 1.6 0
DAYS >= 1.00 2 0.1 1.9 0
GREATEST
24 HR. TOTAL 4.28 02/06 TO 02/07
STORM TOTAL 2.73
DEGREE DAYS
HEATING TOTAL 0 0 0 0
SINCE 7/1 0
COOLING TOTAL 438 364 74 372
SINCE 1/1 960
FREEZE DATES
..............................................................
WIND (MPH)
AVERAGE WIND SPEED 8.3
HIGHEST WIND SPEED/DIRECTION 23/240 DATE 02/06
23/230 02/07
HIGHEST GUST SPEED/DIRECTION 35/200 DATE 02/06
35/200 02/07
SKY COVER
AVERAGE SKY COVER 0.38
AVERAGE RH (PERCENT) 75
WEATHER CONDITIONS. NUMBER OF DAYS WITH
THUNDERSTORM 3 MIXED PRECIP 0
HEAVY RAIN 3 RAIN 7
LIGHT RAIN 10 FREEZING RAIN 0
LT FREEZING RAIN 0 HAIL 0
HEAVY SNOW 0 SNOW 0
LIGHT SNOW 0 SLEET 0
FOG 9 FOG W/VIS <= 1/4 MILE 0
HAZE 0
- INDICATES NEGATIVE NUMBERS.
R INDICATES RECORD WAS SET OR TIED.
MM INDICATES DATA IS MISSING.
T INDICATES TRACE AMOUNT.
$$