000
CXHW53 PHFO 011619
CLMITO


CLIMATE REPORT
NATIONAL WEATHER SERVICE HONOLULU HI
619 AM HST SUN APR 1 2018

...................................

...THE HILO HI CLIMATE SUMMARY FOR THE MONTH OF MARCH 2018...

CLIMATE NORMAL PERIOD 1981 TO 2010
CLIMATE RECORD PERIOD 1946 TO 2018

WEATHER         OBSERVED          NORMAL  DEPART  LAST YEAR`S
                 VALUE   DATE(S)  VALUE   FROM    VALUE  DATE(S)
                                          NORMAL
................................................................
TEMPERATURE (F)
RECORD
 HIGH              93   03/23/1972
 LOW               48   03/06/2013
HIGHEST            90   03/28        79      11       86  03/04
                                                          03/02
LOWEST             63   03/03        65      -2       63  03/04
AVG. MAXIMUM     80.0              79.0     1.0     82.6
AVG. MINIMUM     67.8              64.6     3.2     66.3
MEAN             73.9              71.8     2.1     74.5
DAYS MAX >= 90      1               0.0     1.0        0
DAYS MAX <= 32      0               0.0     0.0        0
DAYS MIN <= 32      0               0.0     0.0        0
DAYS MIN <= 0       0               0.0     0.0        0

PRECIPITATION (INCHES)
RECORD
 MAXIMUM        49.93   1980
 MINIMUM         0.88   1972
TOTALS          10.93             13.43   -2.50     3.40
DAILY AVG.       0.35              0.43   -0.08     0.11
DAYS >= .01        24              21.4     2.6       14
DAYS >= .10        18              14.9     3.1       10
DAYS >= .50         6               6.4    -0.4        3
DAYS >= 1.00        3               3.5    -0.5        0
GREATEST
 24 HR. TOTAL    2.86   03/14 TO 03/14              0.62

SNOWFALL (INCHES)
RECORDS
 TOTAL             MM   5
TOTALS            0.0               0.0     0.0      0.0
SINCE 7/1         0.0               0.0     0.0      0.0
SNOWDEPTH AVG.     MM                MM      MM        0
DAYS >= 1.0         0               0.0     0.0        0
GREATEST
 SNOW DEPTH        MM                                  0  MM
 24 HR TOTAL      0.0   03/31 TO 03/31               0.0

DEGREE_DAYS
HEATING TOTAL       0                 0       0        0
 SINCE 7/1          0                 0       0        0
COOLING TOTAL     286               211      75      302
 SINCE 1/1        794               581     213      711
.................................................................

WIND (MPH)
AVERAGE WIND SPEED              6.4
HIGHEST WIND SPEED/DIRECTION    28/350    DATE  03/26
HIGHEST GUST SPEED/DIRECTION    33/340    DATE  03/26

SKY COVER
POSSIBLE SUNSHINE (PERCENT)   MM
AVERAGE SKY COVER             MM
NUMBER OF DAYS FAIR            0
NUMBER OF DAYS PC              0
NUMBER OF DAYS CLOUDY          0

AVERAGE RH (PERCENT)     MM

WEATHER CONDITIONS. NUMBER OF DAYS WITH
THUNDERSTORM              0     MIXED PRECIP               0
HEAVY RAIN                0     RAIN                       0
LIGHT RAIN                0     FREEZING RAIN              0
LT FREEZING RAIN          0     HAIL                       0
HEAVY SNOW                0     SNOW                       0
LIGHT SNOW                0     SLEET                      0
FOG                      17     FOG W/VIS <= 1/4 MILE      0
HAZE                     12

-  INDICATES NEGATIVE NUMBERS.
R  INDICATES RECORD WAS SET OR TIED.
MM INDICATES DATA IS MISSING.
T  INDICATES TRACE AMOUNT.

$$
