000
CXUS53 KGLD 031355
CLMITR
CLIMATE REPORT
NATIONAL WEATHER SERVICE
755 AM MDT WED APR 03 2024
...................................
...THE BURLINGTON CO CLIMATE SUMMARY FOR THE MONTH OF MARCH 2024...
CLIMATE NORMAL PERIOD: 1991 TO 2020
CLIMATE RECORD PERIOD: 1896 TO 2024
WEATHER OBSERVED NORMAL DEPART LAST YEAR`S
VALUE DATE(S) VALUE FROM VALUE DATE(S)
NORMAL
................................................................
TEMPERATURE (F)
RECORD
HIGH 93 03/19/1921
LOW -22 03/03/1960
HIGHEST 75 03/02 78 -3 77 03/30
LOWEST 12 03/26 10 2 11 03/18
03/19
AVG. MAXIMUM 57.1 56.0 1.1 50.0
AVG. MINIMUM 27.3 26.2 1.1 22.0
MEAN 42.2 41.1 1.1 36.0
DAYS MAX >= 90 0 0.0 0.0 0
DAYS MAX <= 32 2 1.8 0.2 2
DAYS MIN <= 32 22 23.9 -1.9 30
DAYS MIN <= 0 0 0.6 -0.6 0
PRECIPITATION (INCHES)
RECORD
MAXIMUM 4.90 1981
MINIMUM 0.00 1997
TOTALS 0.57 0.75 -0.18 0.24
DAILY AVG. 0.02 0.02 -0.00 0.01
DAYS >= .01 3 4.6 -1.6 3
DAYS >= .10 3 1.7 1.3 1
DAYS >= .50 0 0.4 -0.4 0
DAYS >= 1.00 0 0.1 -0.1 0
GREATEST
24 HR. TOTAL 0.24 03/24 TO 03/24 0.22
STORM TOTAL 0.24
(MM/DD(HH))
................................................................
- INDICATES NEGATIVE NUMBERS.
R INDICATES RECORD WAS SET OR TIED.
MM INDICATES DATA IS MISSING.
T INDICATES TRACE AMOUNT.
$$