000
CXUS46 KLOX 020650
CLMLAX


CLIMATE REPORT
NATIONAL WEATHER SERVICE LOS ANGELES/OXNARD CA
1149 PM PDT SUN APR 1 2018

...................................

...THE LOS ANGELES INTL AIRPORT CA CLIMATE SUMMARY FOR THE MONTH OF MARCH 2018...

CLIMATE NORMAL PERIOD 1981 TO 2010
CLIMATE RECORD PERIOD 1944 TO 2018

WEATHER         OBSERVED          NORMAL  DEPART  LAST YEAR`S
                 VALUE   DATE(S)  VALUE   FROM    VALUE
                                          NORMAL
.............................................................
TEMPERATURE (F)
HIGHEST            79   03/27
LOWEST             44   03/05
                        03/04
AVG. MAXIMUM     65.2              64.4     0.8
AVG. MINIMUM     52.1              51.7     0.4
MEAN             58.6              58.0     0.6
DAYS MAX >= 90      0
DAYS MAX <= 32      0
DAYS MIN <= 32      0
DAYS MIN <= 0       0

PRECIPITATION (INCHES)
TOTALS           2.07              1.85    0.22
DAILY AVG.       0.07              0.06    0.01
DAYS >= .01        11
DAYS >= .10         6
DAYS >= .50         1
DAYS >= 1.00        0
GREATEST
 24 HR. TOTAL    0.56   03/10 TO 03/10

DEGREE_DAYS
HEATING TOTAL     189               221     -32      112
 SINCE 7/1        638              1150    -512      885
COOLING TOTAL       0                 6      -6        2
 SINCE 1/1         31                15      16        2
..............................................................

WIND (MPH)
AVERAGE WIND SPEED              8.0
HIGHEST WIND SPEED/DIRECTION    32/260    DATE  03/26
HIGHEST GUST SPEED/DIRECTION    35/260    DATE  03/26

SKY COVER
POSSIBLE SUNSHINE (PERCENT)   MM
AVERAGE SKY COVER           0.60
NUMBER OF DAYS FAIR            6
NUMBER OF DAYS PC             14
NUMBER OF DAYS CLOUDY         11

AVERAGE RH (PERCENT)     70

WEATHER CONDITIONS. NUMBER OF DAYS WITH
THUNDERSTORM              0     MIXED PRECIP               0
HEAVY RAIN                3     RAIN                       4
LIGHT RAIN               12     FREEZING RAIN              0
LT FREEZING RAIN          0     HAIL                       0
HEAVY SNOW                0     SNOW                       0
LIGHT SNOW                0     SLEET                      0
FOG                      16     FOG W/VIS <= 1/4 MILE      3
HAZE                      8

-  INDICATES NEGATIVE NUMBERS.
R  INDICATES RECORD WAS SET OR TIED.
MM INDICATES DATA IS MISSING.
T  INDICATES TRACE AMOUNT.

$$
