947
CXUS53 KLBF 011549
CLMLBF


CLIMATE REPORT
NATIONAL WEATHER SERVICE NORTH PLATTE
1044 AM CDT SUN APR 1 2018

...................................

...THE NORTH PLATTE NE CLIMATE SUMMARY FOR THE MONTH OF MARCH 2018...

CLIMATE NORMAL PERIOD 1981 TO 2010
CLIMATE RECORD PERIOD 1874 TO 2018

WEATHER         OBSERVED          NORMAL  DEPART  LAST YEAR`S
                 VALUE   DATE(S)  VALUE   FROM    VALUE  DATE(S)
                                          NORMAL
................................................................
TEMPERATURE (F)
RECORD
 HIGH              91   03/16/2015
 LOW              -22   03/03/2002
                        03/03/1960
HIGHEST            73   03/22        77      -4       90  03/19
LOWEST             14   03/12         4      10       11  03/13
                        03/07
AVG. MAXIMUM     54.8              52.5     2.3     59.4
AVG. MINIMUM     24.3              23.5     0.8     28.2
MEAN             39.5              38.0     1.5     43.8
DAYS MAX >= 90      0               0.0     0.0        1
DAYS MAX <= 32      0               2.6    -2.6        0
DAYS MIN <= 32     28              26.0     2.0       20
DAYS MIN <= 0       0               0.5    -0.5        0

PRECIPITATION (INCHES)
RECORD
 MAXIMUM         4.37   1949
 MINIMUM         0.01   2015
TOTALS           0.71              1.05   -0.34     1.82
DAILY AVG.       0.02              0.03   -0.01     0.06
DAYS >= .01         7               6.7     0.3        6
DAYS >= .10         2               2.7    -0.7        3
DAYS >= .50         0               0.6    -0.6        2
DAYS >= 1.00        0               0.0     0.0        0
GREATEST
 24 HR. TOTAL    0.48   03/16 TO 03/16           03/23 TO 03/23
                                                          03/06 TO 03/06EATHER         OBSERVED          NORMAL  DEPART  LAST YEAR`S
                                                          03/11 TO 03/11EATHER         OBSERVED          NORMAL  DEPART  LAST YEAR`S

SNOWFALL (INCHES)
RECORDS
 TOTAL           27.8   1912
TOTALS            3.1               4.4    -1.3        T
SINCE 7/1        39.6              25.3    14.3     20.3
SNOWDEPTH AVG.      0                MM      MM        0
DAYS >= 1.0         2               1.4     0.6        0
GREATEST
 SNOW DEPTH         1   03/17                          0  MM
 24 HR TOTAL      1.6   03/31 TO 03/31

DEGREE_DAYS
HEATING TOTAL     783               837     -54      651
 SINCE 7/1       5809              5865     -56     4973
COOLING TOTAL       0                 0       0        0
 SINCE 1/1          0                 0       0        0
.................................................................

WIND (MPH)
AVERAGE WIND SPEED              10.1
HIGHEST WIND SPEED/DIRECTION    54/300    DATE  03/05
HIGHEST GUST SPEED/DIRECTION    67/320    DATE  03/05

SKY COVER
POSSIBLE SUNSHINE (PERCENT)   MM
AVERAGE SKY COVER           0.30
NUMBER OF DAYS FAIR           17
NUMBER OF DAYS PC              8
NUMBER OF DAYS CLOUDY          6

AVERAGE RH (PERCENT)     62

WEATHER CONDITIONS. NUMBER OF DAYS WITH
  0
  1
  0
  0
  1
  0
  0
HAZE                      3

-  INDICATES NEGATIVE NUMBERS.
R  INDICATES RECORD WAS SET OR TIED.
MM INDICATES DATA IS MISSING.
T  INDICATES TRACE AMOUNT.

$$
