000
CXUS51 KCLE 051512
CLMMFD


CLIMATE REPORT...CORRECTED
NATIONAL WEATHER SERVICE CLEVELAND OH
1058 AM EDT TUE JUN 5 2018

...................................

...THE MANSFIELD OH CLIMATE SUMMARY FOR THE MONTH OF MAY 2018...

CLIMATE NORMAL PERIOD 1981 TO 2010
CLIMATE RECORD PERIOD 1916 TO 2018

WEATHER         OBSERVED          NORMAL  DEPART  LAST YEAR`S
                 VALUE   DATE(S)  VALUE   FROM    VALUE
                                          NORMAL
.............................................................
TEMPERATURE (F)
RECORD
 HIGH              92   05/18/1962
 LOW               25   05/10/1966
HIGHEST            91   05/28
LOWEST             45   05/08
                        05/07
                        05/05
AVG. MAXIMUM     78.7              69.4     9.3     68.5
AVG. MINIMUM     55.8              48.1     7.7     49.2
MEAN             67.3              58.7     8.6     58.8
DAYS MAX >= 90      1               0.0     1.0        0
DAYS MAX <= 32      0               0.0     0.0        0
DAYS MIN <= 32      0               0.4    -0.4        0
DAYS MIN <= 0       0               0.0     0.0        0

PRECIPITATION (INCHES)
RECORD
 MAXIMUM         8.83   1989
 MINIMUM         1.50   1961
TOTALS           3.52              4.54   -1.02     5.53
DAYS >= .01        15              13.8     1.2       17
DAYS >= .10        10               9.6     0.4       12
DAYS >= .50         2               3.4    -1.4        4
DAYS >= 1.00        0               0.7    -0.7        1
GREATEST
 24 HR. TOTAL    0.82   05/21 TO 05/21              1.06

SNOWFALL (INCHES)
RECORDS
 TOTAL            1.4   1966
TOTALS            0.0                 T     0.0      0.0
SINCE 7/1        46.3              48.3    -2.0     36.6
DAYS >= 1.0         0               0.0     0.0        0
GREATEST
 24 HR TOTAL      0.0   05/31 TO 05/31

DEGREE_DAYS
HEATING TOTAL      41               232    -191      221
 SINCE 7/1       5959              6217    -258     4996
COOLING TOTAL     117                38      79       39
 SINCE 1/1        123                46      77       57
..............................................................

WIND (MPH)
AVERAGE WIND SPEED              8.4
HIGHEST WIND SPEED/DIRECTION    35/270    DATE  05/04
HIGHEST GUST SPEED/DIRECTION    58/250    DATE  05/04

SKY COVER
AVERAGE SKY COVER           0.30

AVERAGE RH (PERCENT)     69

WEATHER CONDITIONS. NUMBER OF DAYS WITH
THUNDERSTORM             11     MIXED PRECIP                0
HEAVY RAIN                7     RAIN                        8
LIGHT RAIN               17     FREEZING RAIN               0
LT FREEZING RAIN          0     HAIL                        0
HEAVY SNOW                0     SNOW                        0
LIGHT SNOW                0     SLEET                       0
FOG                      17     FOG W/VIS <= 1/4 MILE       1
HAZE                      6

-  INDICATES NEGATIVE NUMBERS.
R  INDICATES RECORD WAS SET OR TIED.
MM INDICATES DATA IS MISSING.
T  INDICATES TRACE AMOUNT.

$$
