000
CXUS56 KPDT 011413
CLMPDT

CLIMATE REPORT
NATIONAL WEATHER SERVICE PENDLETON OREGON
709 AM PDT TUE MAY 01 2018

....................................

...THE PENDLETON OR CLIMATE SUMMARY FOR THE MONTH OF APRIL 2018...

CLIMATE NORMAL PERIOD 1981 TO 2010
CLIMATE RECORD PERIOD 1934 TO 2018

WEATHER         OBSERVED          NORMAL  DEPART  LAST YEAR`S
                 VALUE   DATE(S)  VALUE   FROM    VALUE  DATE(S)
                                          NORMAL

................................................................

TEMPERATURE (F)
RECORD
 HIGH              95   4/22/1934
 LOW               18   4/ 1/1936
HIGHEST            80   4/26       78         2            68   4/22
LOWEST             29   4/ 3       29         0            29   4/ 9
AVG. MAXIMUM     62.9            62.1       0.8          59.8
AVG. MINUMUM     39.5            39.2       0.3          38.8
MEAN             51.2            50.7       0.5          49.3
DAYS MAX >= 90      0               0         0             0
DAYS MAX <= 32      0               0         0             0
DAYS MIN <= 32      3               3         0             4
DAYS MIN <= 0       0               0         0             4


PRECIPITATION (INCHES)
RECORD
 MAXIMUM          2.78   1978
 MINIMUM          0.01   1956
TOTALS            1.71            1.20      0.51          1.94
DAILY AVG.        0.06            0.04      0.02          0.06
DAYS >=  0.01       11               9         2            13
DAYS >=  0.10        5               4         1             8
DAYS >=  0.50        0               0         0             0
DAYS >=  1.00        0               0         0             0
GREATEST
 24 HR. TOTAL     0.41   4/11



SNOWFALL (INCHES)
RECORD
 MAXIMUM           2.2   1975
 MINIMUM           0.0   2016
TOTALS               T             0.0       0.0             T
SINCE 7/1         15.0            15.2      -0.2          44.4
DAYS >=  TRACE       1               0         0             1
DAYS >=  1.0         0               0         0             0
GREATEST
 24 HR. TOTAL        T   4/16


DEGREE DAYS
HEATING TOTAL      407             432       -25           462
 SINCE 7/1        4822            4942      -120          5349
COOLING TOTAL        0               0         0             0
 SINCE 1/1           0               0         0             0

.............................................................

WIND (MPH)
AVERAGE WIND SPEED                    10.2
RESULTANT WIND SPEED/DIRECTION         7/176
HIGHEST WIND SPEED/DIRECTION          44/280      DATE          04/07
HIGHEST GUST SPEED/DIRECTION          61/260      DATE          04/07


WEATHER CONDITIONS. NUMBER OF DAYS WITH
THUNDERSTORM               2    MIXED PRECIP                           0
HEAVY RAIN                 2    RAIN                                   4
LIGHT RAIN                16    FREEZING RAIN                          0
LT FREEZING RAIN           0    HAIL                                   1
HEAVY SNOW                 0    SNOW                                   0
LIGHT SNOW                 0    SLEET                                  0
FOG                        6    FOG W/VIS <=1/4 MILE                   0
HAZE                       2

-  INDICATES NEGATIVE NUMBERS.
R  INDICATES RECORD WAS SET OR TIED.
MM INDICATES DATA IS MISSING.
T  INDICATES TRACE AMOUNT.

$$
