000
CXUS51 KPBZ 011358
CLMPIT


CLIMATE REPORT
NATIONAL WEATHER SERVICE PITTSBURGH PA
914 AM EDT SUN APR 1 2018

...................................

...THE PITTSBURGH PA CLIMATE SUMMARY FOR THE MONTH OF MARCH 2018...

CLIMATE NORMAL PERIOD 1981 TO 2010
CLIMATE RECORD PERIOD 1871 TO 2018

WEATHER         OBSERVED          NORMAL  DEPART  LAST YEAR`S
                 VALUE   DATE(S)  VALUE   FROM    VALUE  DATE(S)
                                          NORMAL
................................................................
TEMPERATURE (F)
RECORD
 HIGH              84   03/25/1929
 LOW               -5   03/06/2015
HIGHEST            62   03/29        55      07       74  03/24
LOWEST             17   03/10        28     -11       15  03/15
                                                          03/12
                                                          03/11
AVG. MAXIMUM     43.5              49.2    -5.7     48.5
AVG. MINIMUM     26.2              30.0    -3.8     31.3
MEAN             34.8              39.6    -4.8     39.9
DAYS MAX >= 90      0               0.0     0.0        0
DAYS MAX <= 32      2               2.6    -0.6        4
DAYS MIN <= 32     27              18.4     8.6       15
DAYS MIN <= 0       0               0.0     0.0        0

PRECIPITATION (INCHES)
RECORD
 MAXIMUM         6.10   1967
 MINIMUM         0.37   1910
TOTALS           2.96              2.95    0.01
DAILY AVG.       0.10              0.10    0.00     0.16
DAYS >= .01        14              14.0     0.0       16
DAYS >= .10         8               7.6     0.4       11
DAYS >= .50         2               1.6     0.4        2
DAYS >= 1.00        0               0.3    -0.3        2
GREATEST
 24 HR. TOTAL    0.67   03/27 TO 03/27           03/31 TO 03/31

SNOWFALL (INCHES)
RECORDS
 TOTAL           34.1   1993
 24 HR TOTAL     23.6   03/13/1993
TOTALS           12.3               7.6     4.7      9.7
SINCE 7/1        52.5              40.4    12.1     32.0
SNOWDEPTH AVG.      0                MM      MM        0
DAYS >= TRACE      14
DAYS >= 1.0         2               2.3    -0.3        4
GREATEST
 24 HR TOTAL      8.7   03/21 TO 03/21               3.2

DEGREE_DAYS
HEATING TOTAL     926               788     138      773
 SINCE 7/1       4934              5045    -111     4199
COOLING TOTAL       0                 1      -1        2
 SINCE 1/1          4                 1       3        3
.................................................................

WIND (MPH)
AVERAGE WIND SPEED              9.5
HIGHEST WIND SPEED/DIRECTION    39/310    DATE  03/02
HIGHEST GUST SPEED/DIRECTION    50/300    DATE  03/02

AVERAGE RH (PERCENT)     66

WEATHER CONDITIONS. NUMBER OF DAYS WITH
THUNDERSTORM              0     MIXED PRECIP               0
HEAVY RAIN                0     RAIN                       5
LIGHT RAIN                9     FREEZING RAIN              0
LT FREEZING RAIN          0     HAIL                       1
HEAVY SNOW                0     SNOW                       7
LIGHT SNOW               14     SLEET                      2
FOG                      14     FOG W/VIS <= 1/4 MILE      2
HAZE                      0

-  INDICATES NEGATIVE NUMBERS.
R  INDICATES RECORD WAS SET OR TIED.
MM INDICATES DATA IS MISSING.
T  INDICATES TRACE AMOUNT.

$$
