000
CXUS51 KALY 010922
CLMPOU


CLIMATE REPORT
NATIONAL WEATHER SERVICE ALBANY NY
520 AM EDT SUN APR 1 2018

...................................

...THE POUGHKEEPSIE NY CLIMATE SUMMARY FOR THE MONTH OF MARCH 2018...

CLIMATE NORMAL PERIOD 1981 TO 2010
CLIMATE RECORD PERIOD 1949 TO 2018

WEATHER         OBSERVED          NORMAL  DEPART  LAST YEAR`S
                 VALUE   DATE(S)  VALUE   FROM    VALUE  DATE(S)
                                          NORMAL
................................................................
TEMPERATURE (F)
HIGHEST            60   03/01                         65  03/01
LOWEST             16   03/18                          6  03/13
AVG. MAXIMUM     44.8              48.1    -3.3     42.3
AVG. MINIMUM     27.8              25.5     2.3     23.1
MEAN             36.5              36.8    -0.3     32.7
DAYS MAX >= 90      0               0.0     0.0        0
DAYS MAX <= 32      0               1.2    -1.2        6
DAYS MIN <= 32     24              23.9     0.1       23
DAYS MIN <= 0       0               0.1    -0.1        0

PRECIPITATION (INCHES)
RECORD
 MAXIMUM         7.39   1983
 MINIMUM         0.15   1981
                        2006
TOTALS           2.23              3.57   -1.34     5.31
DAILY AVG.       0.07              0.12   -0.05     0.17
DAYS >= .01         9              10.7    -1.7       12
DAYS >= .10         5               6.9    -1.9        6
DAYS >= .50         2               2.5    -0.5        2
DAYS >= 1.00        1               0.7     0.3        1
GREATEST
 24 HR. TOTAL    1.11   03/02 TO 03/02

DEGREE_DAYS
HEATING TOTAL     848               874     -26      995
 SINCE 7/1       5160              5445    -285     5037
COOLING TOTAL       0                 0       0        0
 SINCE 1/1          0                 0       0        0

FREEZE DATES
RECORD
 EARLIEST     09/15/1963
 LATEST       05/25/1949
EARLIEST                        10/09
LATEST                          04/29
.................................................................

WIND (MPH)
AVERAGE WIND SPEED              8.1
HIGHEST WIND SPEED/DIRECTION    31/360    DATE  03/02
HIGHEST GUST SPEED/DIRECTION    44/010    DATE  03/02

SKY COVER
AVERAGE SKY COVER           0.60

AVERAGE RH (PERCENT)     60

WEATHER CONDITIONS. NUMBER OF DAYS WITH
THUNDERSTORM              0     MIXED PRECIP               0
HEAVY RAIN                0     RAIN                       3
LIGHT RAIN                4     FREEZING RAIN              0
LT FREEZING RAIN          0     HAIL                       0
HEAVY SNOW                1     SNOW                       4
LIGHT SNOW                7     SLEET                      0
FOG                      11     FOG W/VIS <= 1/4 MILE      1
HAZE                      5

-  INDICATES NEGATIVE NUMBERS.
R  INDICATES RECORD WAS SET OR TIED.
MM INDICATES DATA IS MISSING.
T  INDICATES TRACE AMOUNT.

$$
